{"id":4290,"date":"2024-05-24T09:25:59","date_gmt":"2024-05-24T07:25:59","guid":{"rendered":"http:\/\/personalcity.net\/home\/mesmerize\/"},"modified":"2024-05-24T17:43:36","modified_gmt":"2024-05-24T15:43:36","slug":"mesmerize","status":"publish","type":"page","link":"https:\/\/personalcity.net\/home\/","title":{"rendered":"Front Page"},"content":{"rendered":"<div  id=\"overlappable-4\" style=\"background-color: #ffffff;\" data-label=\"Overlappable\" data-id=\"overlappable-4\" data-export-id=\"overlappable-4\" data-category=\"overlappable\" class=\"overlappable-4 content-section content-section-spacing\" data-overlap=\"true\"><div  class=\"gridContainer\"> <div  data-type=\"row\" class=\"row spaced-cols text-center\"><div  class=\"col-xs-12 col-sm-4 col-padding\"> <i  class=\"fa icon shadow-large-black aligncenter color1 fa-angellist reverse round large\"><\/i> <div  data-type=\"column\" class=\"\"> <h5  class=\"\">Erlebe die Magie der Studiofotografie<\/h5> <\/div> <\/div> <div  class=\"col-xs-12 col-sm-4 col-padding\"> <i  class=\"fa icon shadow-large-black aligncenter color1 fa-cc-discover reverse round large\"><\/i> <div  data-type=\"column\" class=\"\"><h5  class=\"\">Entdecke die Welt der Fotografie mit der besten Ausr\u00fcstung<\/h5> <\/div> <\/div> <div  class=\"col-xs-12 col-sm-4 col-padding\"> <i  class=\"fa icon fa-magic large shadow-large-black round aligncenter reverse color1\"><\/i> <div  data-type=\"column\" class=\"\"><h5  class=\"\">Erlebe die Magie der Studiofotografie<\/h5> <\/div> <\/div><\/div> <\/div><\/div><div  id=\"about-1\" style=\"background-color: #f5fafd;\" data-label=\"About\" data-id=\"about-1\" data-export-id=\"about-1\" data-category=\"about\" class=\"about-1 content-section\"><div  class=\"gridContainer\"> <div  class=\"row text-center\"><div  class=\"section-title-col\" data-type=\"column\">  <h2  class=\"\">Tauche ein in eine Welt voller Inspiration und entdecke Produkte, <i >die deine Leidenschaft entfachen<\/i><span  href=\"#\" style=\"font-weight: 700; font-family: Playfair Display,sans-serif; font-style: italic;\"><\/span><\/h2> <\/div> <\/div> <div  class=\"row\"> <div  class=\"button-holder space-bottom space-bottom-small\" data-type=\"column\"> <a class=\"button color1\" href=\"https:\/\/personalcity.net\/home\/personalcity.net\/home\/shop\" target=\"_self\" data-cp-link=\"1\" rel=\"noopener\">SHOP<\/a><\/div> <div  class=\"col-xs bottom-xs flexbox image-group-bottom-3-img space-bottom-xs center-xs\"> <img  decoding=\"async\" class=\"left-img shadow-large-black\" data-size=\"500x300\" src=\"http:\/\/personalcity.net\/home\/wp-content\/uploads\/2024\/05\/cropped-cy25wt_light_gallery-scaled-1.jpg\" title=\"cy25wt_light_gallery-scaled\" alt=\"\"> <img  decoding=\"async\" class=\"center-img shadow-large-black\" data-size=\"500x300\" src=\"http:\/\/personalcity.net\/home\/wp-content\/uploads\/2024\/05\/cropped-dj800_02-scaled-1.jpg\" title=\"dj800_02-scalato\" alt=\"\"> <img  decoding=\"async\" class=\"right-img shadow-large-black\" data-size=\"500x300\" src=\"http:\/\/personalcity.net\/home\/wp-content\/uploads\/2024\/05\/cropped-m1199_01-scaled-1.jpg\" title=\"m1199_01 in scala\" alt=\"\"><\/div> <\/div><\/div> <\/div><div  id=\"content-14\" style=\"background-color: #ffffff;\" data-label=\"Content\" data-id=\"content-3\" data-export-id=\"content-3\" data-category=\"content\" class=\"content-3 content-section content-section-spacing\"><div > <div  class=\"row middle-xs\"><div  class=\"col-sm-7 full-col-left-padding full-col-right-padding\"> <div  class=\"row\"><div  data-type=\"column\" class=\"space-bottom-small content-title-col\"> <h5  class=\"\">PERSONALCITY<\/h5>  <p  class=\"\"><\/p><\/div> <\/div> <div  class=\"row spaced-cols\" data-type=\"row\"> <div  class=\"col-xs-6\" data-type=\"column\"> <h5  class=\"\">STATIVE<\/h5> <p  class=\"\">Wir bieten eine gro\u00dfe Auswahl an Stativen von Top-Marken zu g\u00fcnstigen Preisen.<\/p><\/div> <div  class=\"col-xs-6\" data-type=\"column\"><h5  class=\"\">LIGHTING<\/h5> <p  class=\"\">Alle unsere Beleuchtungsprodukte sind von h\u00f6chster Qualit\u00e4t und sorgen f\u00fcr optimale Ergebnisse<\/p><\/div> <div  class=\"col-xs-6\" data-type=\"column\"><h5  class=\"\">FILTER<\/h5> <p  class=\"\">Alle unsere Filter sind aus hochwertigen Materialien gefertigt und sorgen f\u00fcr professionelle Ergebnisse<\/p><\/div> <div  class=\"col-xs-6\" data-type=\"column\"><h5  class=\"\">SOFTBOX<\/h5> <p  class=\"\">Entdecke unsere gro\u00dfe Auswahl an Beleuchtungsprodukten, von Blitzger\u00e4ten und Dauerlicht bis hin zu Reflektoren und Diffusoren<\/p><\/div> <\/div><\/div> <div  class=\"col-sm-5 bg-image shadow-large-black revert-classes-holder\" data-bg=\"image\" style=\"background-image: url(&quot;http:\/\/personalcity.net\/home\/wp-content\/uploads\/2024\/05\/cropped-esb6_gallery.jpg&quot;);\"><\/div><\/div> <\/div><\/div><div data-label=\"Content\" data-id=\"content--1\" data-export-id=\"content-8\" data-category=\"content\" class=\"content-8 content-section content-section-spacing\" id=\"content-15\"  style=\"background-color: rgb(245, 250, 253);\"><div class=\"gridContainer\" > <div class=\"row middle-sm\" ><div class=\"col-sm-6 space-bottom-xs space-top-xs\" data-type=\"column\" > <img decoding=\"async\" class=\"shadow-large\" src=\"http:\/\/personalcity.net\/home\/wp-content\/uploads\/2024\/05\/cropped-cropped-top-view-chat-bubbles-with-telephone-receiver-copy-space-scaled-1.jpg\"  title=\"top-view-chat-bubbles-with-telephone-receiver-copy-space\" alt=\"\"><\/div> <div class=\"col-sm-6\" data-type=\"column\" ><h2 class=\"\" >KONTAKT<\/h2> <p class=\"\" >Ob du Fragen zu unseren Produkten, Bestellungen oder Lieferungen hast, oder einfach nur Hilfe bei der Auswahl des richtigen Equipments ben\u00f6tigst, unser Kundenservice steht dir gerne zur Verf\u00fcgung.Ob du Fragen zu unseren Produkten, Bestellungen oder Lieferungen hast, oder einfach nur Hilfe bei der Auswahl des richtigen Equipments ben\u00f6tigst, unser Kundenservice steht dir gerne zur Verf\u00fcgung.<\/p> <a class=\"button color1\" href=\"personalcity.net\/home\/contact\" target=\"_self\" data-cp-link=\"1\" rel=\"noopener\">Kontakt<\/a><\/div> <\/div><\/div> <\/div>","protected":false},"excerpt":{"rendered":"<p>Erlebe die Magie der Studiofotografie Entdecke die Welt der Fotografie mit der besten Ausr\u00fcstung Erlebe die Magie der Studiofotografie Tauche ein in eine Welt voller Inspiration und entdecke Produkte, die deine Leidenschaft entfachen SHOP PERSONALCITY STATIVE Wir bieten eine gro\u00dfe Auswahl an Stativen von Top-Marken zu g\u00fcnstigen Preisen. LIGHTING Alle unsere Beleuchtungsprodukte sind von h\u00f6chster&hellip; <br \/> <a class=\"read-more\" href=\"https:\/\/personalcity.net\/home\/\">Weiterlesen<\/a><\/p>\n","protected":false},"author":1,"featured_media":0,"parent":0,"menu_order":0,"comment_status":"closed","ping_status":"closed","template":"page-templates\/homepage.php","meta":{"footnotes":""},"class_list":["post-4290","page","type-page","status-publish","hentry"],"_links":{"self":[{"href":"https:\/\/personalcity.net\/home\/wp-json\/wp\/v2\/pages\/4290","targetHints":{"allow":["GET"]}}],"collection":[{"href":"https:\/\/personalcity.net\/home\/wp-json\/wp\/v2\/pages"}],"about":[{"href":"https:\/\/personalcity.net\/home\/wp-json\/wp\/v2\/types\/page"}],"author":[{"embeddable":true,"href":"https:\/\/personalcity.net\/home\/wp-json\/wp\/v2\/users\/1"}],"replies":[{"embeddable":true,"href":"https:\/\/personalcity.net\/home\/wp-json\/wp\/v2\/comments?post=4290"}],"version-history":[{"count":12,"href":"https:\/\/personalcity.net\/home\/wp-json\/wp\/v2\/pages\/4290\/revisions"}],"predecessor-version":[{"id":5403,"href":"https:\/\/personalcity.net\/home\/wp-json\/wp\/v2\/pages\/4290\/revisions\/5403"}],"wp:attachment":[{"href":"https:\/\/personalcity.net\/home\/wp-json\/wp\/v2\/media?parent=4290"}],"curies":[{"name":"wp","href":"https:\/\/api.w.org\/{rel}","templated":true}]}}