{"id":4399,"date":"2024-05-24T11:11:09","date_gmt":"2024-05-24T09:11:09","guid":{"rendered":"http:\/\/personalcity.net\/home\/produkt\/profi-batteriegriff-battery-grip-akkugriff-handgriff-dynasun-gh3-fuer-panasonic-lumix-dmc-gh3-dmc-gh3a-wie-der-dmw-bggh3\/"},"modified":"2025-04-28T15:50:22","modified_gmt":"2025-04-28T13:50:22","slug":"profi-batteriegriff-battery-grip-akkugriff-handgriff-dynasun-gh3-fuer-panasonic-lumix-dmc-gh3-dmc-gh3a-wie-der-dmw-bggh3","status":"publish","type":"product","link":"https:\/\/personalcity.net\/home\/produkt\/profi-batteriegriff-battery-grip-akkugriff-handgriff-dynasun-gh3-fuer-panasonic-lumix-dmc-gh3-dmc-gh3a-wie-der-dmw-bggh3\/","title":{"rendered":"Profi Batteriegriff Battery Grip Akkugriff Handgriff DynaSun GH3 f\u00fcr Panasonic Lumix DMC-GH3 DMC-GH3A wie der DMW BGGH3"},"content":{"rendered":"<p>Profi Batteriegriff Battery Grip Akkugriff Handgriff DynaSun GH3 f\u00fcr Panasonic Lumix DMC-GH3 DMC-GH3A wie der DMW BGGH3 Beschreibung Der Batteriegriff DynaSun GH3 f\u00fcr Panasonic Lumix DMC-GH3 DMC-GH3A erm\u00f6glicht Ihnen besonders bei Aufnahmen im Hochformat eine optimierte Handhabung. Die Kamera l\u00e4sst sich deutlich besser halten und kann dank der rutschsicheren Grifffl\u00e4che nicht mehr aus der Hand gleiten. Der Batteriegriff fasst eine oder zwei Lithium-Ionen Akkus nicht im Lieferumgunfang, so l\u00e4\u00dft sich die Energiekapazit\u00e4t, welche der Kamera zur Verf\u00fcgung steht, verdoppeln und vermeiden l\u00e4stiges Akku Wechseln wie z.B. bei Fotoshootings oder Modeshows. Dadurch sparen Sie auch Zeit und Stress und k\u00f6nnen durchgehend fotografieren. Ausserdem haben Sie auch die M\u00f6glichkeit den Griff auf ein Stativ zu befestigen. Technische Daten * Komfortable Bedienung bei Hochformataufnahmen * Ein-\/Aus-Schalter f\u00fcr Vertikalgriff * Hauptw\u00e4hlrad f\u00fcr Vertikalgriff * Nebenw\u00e4hlrad * AF-AE-Lock-Punktwahl * Fn- Punktwahl * Taste f\u00fcr White balance * Taste f\u00fcr ISO * Taste f\u00fcr EV * Verdopplung der Betriebsdauer * Stativgewinde * \u00d6se zum befestigen einer Handschlaufe * Rutschfeste, gummierte Griff-Fl\u00e4che * Kompatibel mit ein ode zwei BLF19 Akku * Ma\u00dfe: 129x50x65 mm * Gewicht: 187 g (Ohne Batterie) * Passend f\u00fcr (Kamera): Panasonic Lumix DMC-GH3 DMC-GH3A<\/p>\n","protected":false},"excerpt":{"rendered":"<p>Profi Batteriegriff Battery Grip Akkugriff Handgriff DynaSun GH3 f\u00fcr Panasonic Lumix DMC-GH3 DMC-GH3A wie der DMW BGGH3 Beschreibung Der Batteriegriff DynaSun GH3 f\u00fcr Panasonic Lumix DMC-GH3 DMC-GH3A erm\u00f6glicht Ihnen besonders bei Aufnahmen im Hochformat eine optimierte Handhabung. Die Kamera l\u00e4sst sich deutlich besser halten und kann dank der rutschsicheren Grifffl\u00e4che nicht mehr aus der Hand&hellip; <br \/> <a class=\"read-more\" href=\"https:\/\/personalcity.net\/home\/produkt\/profi-batteriegriff-battery-grip-akkugriff-handgriff-dynasun-gh3-fuer-panasonic-lumix-dmc-gh3-dmc-gh3a-wie-der-dmw-bggh3\/\">Weiterlesen<\/a><\/p>\n","protected":false},"featured_media":4400,"comment_status":"open","ping_status":"closed","template":"","meta":[],"product_cat":[218],"product_tag":[],"class_list":{"0":"post-4399","1":"product","2":"type-product","3":"status-publish","4":"has-post-thumbnail","6":"product_cat-elektronik","8":"first","9":"outofstock","10":"shipping-taxable","11":"purchasable","12":"product-type-simple"},"_links":{"self":[{"href":"https:\/\/personalcity.net\/home\/wp-json\/wp\/v2\/product\/4399","targetHints":{"allow":["GET"]}}],"collection":[{"href":"https:\/\/personalcity.net\/home\/wp-json\/wp\/v2\/product"}],"about":[{"href":"https:\/\/personalcity.net\/home\/wp-json\/wp\/v2\/types\/product"}],"replies":[{"embeddable":true,"href":"https:\/\/personalcity.net\/home\/wp-json\/wp\/v2\/comments?post=4399"}],"wp:featuredmedia":[{"embeddable":true,"href":"https:\/\/personalcity.net\/home\/wp-json\/wp\/v2\/media\/4400"}],"wp:attachment":[{"href":"https:\/\/personalcity.net\/home\/wp-json\/wp\/v2\/media?parent=4399"}],"wp:term":[{"taxonomy":"product_cat","embeddable":true,"href":"https:\/\/personalcity.net\/home\/wp-json\/wp\/v2\/product_cat?post=4399"},{"taxonomy":"product_tag","embeddable":true,"href":"https:\/\/personalcity.net\/home\/wp-json\/wp\/v2\/product_tag?post=4399"}],"curies":[{"name":"wp","href":"https:\/\/api.w.org\/{rel}","templated":true}]}}