{"id":4490,"date":"2024-05-24T11:11:48","date_gmt":"2024-05-24T09:11:48","guid":{"rendered":"http:\/\/personalcity.net\/home\/produkt\/fotostudio-motiv-hintergrund-dynasun-rms70-28x40-bricks\/"},"modified":"2025-04-28T15:49:37","modified_gmt":"2025-04-28T13:49:37","slug":"fotostudio-motiv-hintergrund-dynasun-rms70-28x40-bricks","status":"publish","type":"product","link":"https:\/\/personalcity.net\/home\/produkt\/fotostudio-motiv-hintergrund-dynasun-rms70-28x40-bricks\/","title":{"rendered":"Fotostudio Motiv Hintergrund DynaSun RMS70 2,8\u00d74,0 Bricks"},"content":{"rendered":"<p>HINTERGRUND BACKGROUND HINTERGRUND BACKDROP PRO STUDIO DYNASUN RMS70 Ma\u00dfe: 2,80 mt x 4,00 mt Beschreibung Der Hintergrund DynaSun RMS70 mit Ma\u00df von 2,80 Meter x 4,00 Meter ist besonderes geeignet f\u00fcr Portrait-, Studio- und Tieffotografie. Diese Hintergrund ist Leicht, handlich und bietet Fotografen Farben und Muster, um Ihre Kreativit\u00e4t auszuleben.<\/p>\n","protected":false},"excerpt":{"rendered":"<p>HINTERGRUND BACKGROUND HINTERGRUND BACKDROP PRO STUDIO DYNASUN RMS70 Ma\u00dfe: 2,80 mt x 4,00 mt Beschreibung Der Hintergrund DynaSun RMS70 mit Ma\u00df von 2,80 Meter x 4,00 Meter ist besonderes geeignet f\u00fcr Portrait-, Studio- und Tieffotografie. Diese Hintergrund ist Leicht, handlich und bietet Fotografen Farben und Muster, um Ihre Kreativit\u00e4t auszuleben.<\/p>\n","protected":false},"featured_media":4491,"comment_status":"open","ping_status":"closed","template":"","meta":[],"product_cat":[218],"product_tag":[],"class_list":{"0":"post-4490","1":"product","2":"type-product","3":"status-publish","4":"has-post-thumbnail","6":"product_cat-elektronik","8":"first","9":"outofstock","10":"shipping-taxable","11":"purchasable","12":"product-type-simple"},"_links":{"self":[{"href":"https:\/\/personalcity.net\/home\/wp-json\/wp\/v2\/product\/4490","targetHints":{"allow":["GET"]}}],"collection":[{"href":"https:\/\/personalcity.net\/home\/wp-json\/wp\/v2\/product"}],"about":[{"href":"https:\/\/personalcity.net\/home\/wp-json\/wp\/v2\/types\/product"}],"replies":[{"embeddable":true,"href":"https:\/\/personalcity.net\/home\/wp-json\/wp\/v2\/comments?post=4490"}],"wp:featuredmedia":[{"embeddable":true,"href":"https:\/\/personalcity.net\/home\/wp-json\/wp\/v2\/media\/4491"}],"wp:attachment":[{"href":"https:\/\/personalcity.net\/home\/wp-json\/wp\/v2\/media?parent=4490"}],"wp:term":[{"taxonomy":"product_cat","embeddable":true,"href":"https:\/\/personalcity.net\/home\/wp-json\/wp\/v2\/product_cat?post=4490"},{"taxonomy":"product_tag","embeddable":true,"href":"https:\/\/personalcity.net\/home\/wp-json\/wp\/v2\/product_tag?post=4490"}],"curies":[{"name":"wp","href":"https:\/\/api.w.org\/{rel}","templated":true}]}}