{"id":4558,"date":"2024-05-24T11:12:14","date_gmt":"2024-05-24T09:12:14","guid":{"rendered":"http:\/\/personalcity.net\/home\/produkt\/universal-kabel-fernausloeser-drahtausloeser-ausloeser-dynasun-oa04-40cm-fuer-kamera\/"},"modified":"2025-04-28T15:49:01","modified_gmt":"2025-04-28T13:49:01","slug":"universal-kabel-fernausloeser-drahtausloeser-ausloeser-dynasun-oa04-40cm-fuer-kamera","status":"publish","type":"product","link":"https:\/\/personalcity.net\/home\/produkt\/universal-kabel-fernausloeser-drahtausloeser-ausloeser-dynasun-oa04-40cm-fuer-kamera\/","title":{"rendered":"Universal Kabel-Fernausl\u00f6ser Drahtausl\u00f6ser Ausl\u00f6ser DynaSun OA04 40cm f\u00fcr Kamera"},"content":{"rendered":"<p>Universal Kabel-Fernausl\u00f6ser Drahtausl\u00f6ser Ausl\u00f6ser DynaSun OA04 40cm f\u00fcr Kamera Beschreibung Mit DynaSun OA04 universal remote control cord k\u00f6nnen Sie Ihre Kamera ganz einfach fern bedienen. Wenn Sie ein Foto ohne Vibration machen m\u00f6chten, ist Dynasun OA04 ein Muss f\u00fcr Sie. Lieferumfang * Kabel-Fernausl\u00f6ser DynaSun OA04<\/p>\n","protected":false},"excerpt":{"rendered":"<p>Universal Kabel-Fernausl\u00f6ser Drahtausl\u00f6ser Ausl\u00f6ser DynaSun OA04 40cm f\u00fcr Kamera Beschreibung Mit DynaSun OA04 universal remote control cord k\u00f6nnen Sie Ihre Kamera ganz einfach fern bedienen. Wenn Sie ein Foto ohne Vibration machen m\u00f6chten, ist Dynasun OA04 ein Muss f\u00fcr Sie. Lieferumfang * Kabel-Fernausl\u00f6ser DynaSun OA04<\/p>\n","protected":false},"featured_media":4559,"comment_status":"open","ping_status":"closed","template":"","meta":[],"product_cat":[218],"product_tag":[],"class_list":{"0":"post-4558","1":"product","2":"type-product","3":"status-publish","4":"has-post-thumbnail","6":"product_cat-elektronik","8":"first","9":"outofstock","10":"shipping-taxable","11":"purchasable","12":"product-type-simple"},"_links":{"self":[{"href":"https:\/\/personalcity.net\/home\/wp-json\/wp\/v2\/product\/4558","targetHints":{"allow":["GET"]}}],"collection":[{"href":"https:\/\/personalcity.net\/home\/wp-json\/wp\/v2\/product"}],"about":[{"href":"https:\/\/personalcity.net\/home\/wp-json\/wp\/v2\/types\/product"}],"replies":[{"embeddable":true,"href":"https:\/\/personalcity.net\/home\/wp-json\/wp\/v2\/comments?post=4558"}],"wp:featuredmedia":[{"embeddable":true,"href":"https:\/\/personalcity.net\/home\/wp-json\/wp\/v2\/media\/4559"}],"wp:attachment":[{"href":"https:\/\/personalcity.net\/home\/wp-json\/wp\/v2\/media?parent=4558"}],"wp:term":[{"taxonomy":"product_cat","embeddable":true,"href":"https:\/\/personalcity.net\/home\/wp-json\/wp\/v2\/product_cat?post=4558"},{"taxonomy":"product_tag","embeddable":true,"href":"https:\/\/personalcity.net\/home\/wp-json\/wp\/v2\/product_tag?post=4558"}],"curies":[{"name":"wp","href":"https:\/\/api.w.org\/{rel}","templated":true}]}}