{"id":4600,"date":"2024-05-24T11:12:28","date_gmt":"2024-05-24T09:12:28","guid":{"rendered":"http:\/\/personalcity.net\/home\/produkt\/dynasun-fh35rb-blitzhalter-reflektorschirm-blitz-schirm-halter-schwenkbarer-blitzneiger-fuer-professionelle-beleuchtung\/"},"modified":"2025-04-28T15:48:28","modified_gmt":"2025-04-28T13:48:28","slug":"dynasun-fh35rb-blitzhalter-reflektorschirm-blitz-schirm-halter-schwenkbarer-blitzneiger-fuer-professionelle-beleuchtung","status":"publish","type":"product","link":"https:\/\/personalcity.net\/home\/produkt\/dynasun-fh35rb-blitzhalter-reflektorschirm-blitz-schirm-halter-schwenkbarer-blitzneiger-fuer-professionelle-beleuchtung\/","title":{"rendered":"DynaSun FH35RB Blitzhalter Reflektorschirm Blitz Schirm Halter Schwenkbarer Blitzneiger f\u00fcr professionelle Beleuchtung"},"content":{"rendered":"<p>DynaSun FH35RB Blitzhalter Reflektorschirm Blitz Schirm Halter Schwenkbarer Blitzneiger f\u00fcr professionelle Beleuchtung Beschreibung Diese Reflektorschirm Halter ist geeignet f\u00fcr professionelle Ausleuchtung. Der Reflektor Schirmhalter wird mit der integrierten Fl\u00fcgelschraube einfach auf ein Lampen\/Leuchtenstativ montiert. Diese Halter ist auch ohne Schirm mit einem Studio Lampenstativ als flexibler Blitzhalter verwendbar. Der verstellbare Neigungsmechanismus erm\u00f6glich Ihnen die professionelle zielgenaue Ausleuchtung Ihrer Aufnahmen durch indirektes Blitzen gegen den Schirm. Technische Daten * Universal Standard Blitzschuh f\u00fcr Blitzger\u00e4t (nicht geeignet f\u00fcr Sony, Minolta) * Studioschirm-Buchse: ca. 8mm * Winkel verstellbar * Standard-Buchse * Einfach zu bedienen Lieferumfang * DynaSun FH35RB Blitzhalter<\/p>\n","protected":false},"excerpt":{"rendered":"<p>DynaSun FH35RB Blitzhalter Reflektorschirm Blitz Schirm Halter Schwenkbarer Blitzneiger f\u00fcr professionelle Beleuchtung Beschreibung Diese Reflektorschirm Halter ist geeignet f\u00fcr professionelle Ausleuchtung. Der Reflektor Schirmhalter wird mit der integrierten Fl\u00fcgelschraube einfach auf ein Lampen\/Leuchtenstativ montiert. Diese Halter ist auch ohne Schirm mit einem Studio Lampenstativ als flexibler Blitzhalter verwendbar. Der verstellbare Neigungsmechanismus erm\u00f6glich Ihnen die professionelle&hellip; <br \/> <a class=\"read-more\" href=\"https:\/\/personalcity.net\/home\/produkt\/dynasun-fh35rb-blitzhalter-reflektorschirm-blitz-schirm-halter-schwenkbarer-blitzneiger-fuer-professionelle-beleuchtung\/\">Weiterlesen<\/a><\/p>\n","protected":false},"featured_media":4601,"comment_status":"open","ping_status":"closed","template":"","meta":[],"product_cat":[218],"product_tag":[],"class_list":{"0":"post-4600","1":"product","2":"type-product","3":"status-publish","4":"has-post-thumbnail","6":"product_cat-elektronik","8":"first","9":"outofstock","10":"shipping-taxable","11":"purchasable","12":"product-type-simple"},"_links":{"self":[{"href":"https:\/\/personalcity.net\/home\/wp-json\/wp\/v2\/product\/4600","targetHints":{"allow":["GET"]}}],"collection":[{"href":"https:\/\/personalcity.net\/home\/wp-json\/wp\/v2\/product"}],"about":[{"href":"https:\/\/personalcity.net\/home\/wp-json\/wp\/v2\/types\/product"}],"replies":[{"embeddable":true,"href":"https:\/\/personalcity.net\/home\/wp-json\/wp\/v2\/comments?post=4600"}],"wp:featuredmedia":[{"embeddable":true,"href":"https:\/\/personalcity.net\/home\/wp-json\/wp\/v2\/media\/4601"}],"wp:attachment":[{"href":"https:\/\/personalcity.net\/home\/wp-json\/wp\/v2\/media?parent=4600"}],"wp:term":[{"taxonomy":"product_cat","embeddable":true,"href":"https:\/\/personalcity.net\/home\/wp-json\/wp\/v2\/product_cat?post=4600"},{"taxonomy":"product_tag","embeddable":true,"href":"https:\/\/personalcity.net\/home\/wp-json\/wp\/v2\/product_tag?post=4600"}],"curies":[{"name":"wp","href":"https:\/\/api.w.org\/{rel}","templated":true}]}}