{"id":4632,"date":"2024-05-24T11:12:49","date_gmt":"2024-05-24T09:12:49","guid":{"rendered":"http:\/\/personalcity.net\/home\/produkt\/dynasun-hg12-griffhalterung-halter-hand-grip-spigot-x-studio-flash-leuchten-led\/"},"modified":"2025-04-28T15:48:10","modified_gmt":"2025-04-28T13:48:10","slug":"dynasun-hg12-griffhalterung-halter-hand-grip-spigot-x-studio-flash-leuchten-led","status":"publish","type":"product","link":"https:\/\/personalcity.net\/home\/produkt\/dynasun-hg12-griffhalterung-halter-hand-grip-spigot-x-studio-flash-leuchten-led\/","title":{"rendered":"DynaSun HG12 Griffhalterung Halter Hand-Grip Spigot x Studio Flash Leuchten LED"},"content":{"rendered":"<p>DynaSun HG12 Griffhalterung Halter Hand-Grip mit Standard Spigot f\u00fcr Studio Flash, Studio Leuchten, Beleuchtung, LED Beschreibung DynaSun HG12 Griffhalterung ist f\u00fcr den Zweck entwickelt worden um Leuchten in der Hand zu halten, die sonst nur auf Stative montiert werden k\u00f6nnen. Unsere Griffhalterung erm\u00f6glicht Videos aus schwierigem Winkel perfekt zu drehen. Der Hand Grip Halter bietet die M\u00f6glichkeit, leichte, agile und nahtlose Aufnahmen zu machen. Er gibt ihnen eine stabilen Halterung beim drehen von Videos oder beim Fotoshooting, auch wenn die Kamera st\u00e4ndig in Bewegung ist. Diese Griffhalterung ist so praktisch und so einfach zu bedienen, dass der Fotograf nachher nicht mehr darauf verzichten m\u00f6chte. Technische Daten * Leicht und stabil * Geeignet f\u00fcr Flash, Flash-Lichter, LED mit einem Standard-Spigot * Bequeme Handgriff lindert den Stress der langen Dreharbeiten * Standard-Spigot abnehmbar * Montage auf Stative m\u00f6glich Lieferumfang * DynaSun HG12 Universal-Handgriff mit Spigot<\/p>\n","protected":false},"excerpt":{"rendered":"<p>DynaSun HG12 Griffhalterung Halter Hand-Grip mit Standard Spigot f\u00fcr Studio Flash, Studio Leuchten, Beleuchtung, LED Beschreibung DynaSun HG12 Griffhalterung ist f\u00fcr den Zweck entwickelt worden um Leuchten in der Hand zu halten, die sonst nur auf Stative montiert werden k\u00f6nnen. Unsere Griffhalterung erm\u00f6glicht Videos aus schwierigem Winkel perfekt zu drehen. Der Hand Grip Halter bietet&hellip; <br \/> <a class=\"read-more\" href=\"https:\/\/personalcity.net\/home\/produkt\/dynasun-hg12-griffhalterung-halter-hand-grip-spigot-x-studio-flash-leuchten-led\/\">Weiterlesen<\/a><\/p>\n","protected":false},"featured_media":4633,"comment_status":"open","ping_status":"closed","template":"","meta":[],"product_cat":[218],"product_tag":[],"class_list":{"0":"post-4632","1":"product","2":"type-product","3":"status-publish","4":"has-post-thumbnail","6":"product_cat-elektronik","8":"first","9":"outofstock","10":"shipping-taxable","11":"purchasable","12":"product-type-simple"},"_links":{"self":[{"href":"https:\/\/personalcity.net\/home\/wp-json\/wp\/v2\/product\/4632","targetHints":{"allow":["GET"]}}],"collection":[{"href":"https:\/\/personalcity.net\/home\/wp-json\/wp\/v2\/product"}],"about":[{"href":"https:\/\/personalcity.net\/home\/wp-json\/wp\/v2\/types\/product"}],"replies":[{"embeddable":true,"href":"https:\/\/personalcity.net\/home\/wp-json\/wp\/v2\/comments?post=4632"}],"wp:featuredmedia":[{"embeddable":true,"href":"https:\/\/personalcity.net\/home\/wp-json\/wp\/v2\/media\/4633"}],"wp:attachment":[{"href":"https:\/\/personalcity.net\/home\/wp-json\/wp\/v2\/media?parent=4632"}],"wp:term":[{"taxonomy":"product_cat","embeddable":true,"href":"https:\/\/personalcity.net\/home\/wp-json\/wp\/v2\/product_cat?post=4632"},{"taxonomy":"product_tag","embeddable":true,"href":"https:\/\/personalcity.net\/home\/wp-json\/wp\/v2\/product_tag?post=4632"}],"curies":[{"name":"wp","href":"https:\/\/api.w.org\/{rel}","templated":true}]}}