{"id":4669,"date":"2024-05-24T11:13:09","date_gmt":"2024-05-24T09:13:09","guid":{"rendered":"http:\/\/personalcity.net\/home\/produkt\/dynasun-dress-up-190cm-xxl-pop-up-umkleidezelt-faltbare-cabin-dressing-inkl-transporttasche-fuer-outdoor-studio-foto-video\/"},"modified":"2025-04-28T15:47:50","modified_gmt":"2025-04-28T13:47:50","slug":"dynasun-dress-up-190cm-xxl-pop-up-umkleidezelt-faltbare-cabin-dressing-inkl-transporttasche-fuer-outdoor-studio-foto-video","status":"publish","type":"product","link":"https:\/\/personalcity.net\/home\/produkt\/dynasun-dress-up-190cm-xxl-pop-up-umkleidezelt-faltbare-cabin-dressing-inkl-transporttasche-fuer-outdoor-studio-foto-video\/","title":{"rendered":"DynaSun DRESS UP 190cm XXL Pop-Up Umkleidezelt Faltbare Cabin Dressing inkl. Transporttasche f\u00fcr Outdoor Studio-Foto &#038; Video"},"content":{"rendered":"<p>DynaSun DRESS UP 190cm XXL Pop-Up Umkleidezelt Faltbare Cabin Dressing inkl. Transporttasche f\u00fcr Outdoor Studio-Foto &#038; Video Beschreibung DynaSun DRESS UP 190 cm ist ein Pop-Up faltbares Umkleidezelt. In einer Transporttasche l\u00e4sst es sich \u00fcberall hin mitnehmen. Ein moderne Dressing Kabine, das einen Platz bietet, wo sie sicher vor neugierigen Blicken sind. Verschlie\u00dfbar ist es von allen Seiten, so ist ein l\u00e4stiger Wechsel der Kleidung im Freien kein Problem mehr. Selbst an Orten mit vielen Menschen hat man einen kleinen Raum f\u00fcr sich allein. Es l\u00e4sst sich in Sekundenschnelle aufstellen und zusammenfalten. Es ist besonders praktisch, da man unser DynaSun DRESS UP Zelt sowohl im Freien wie im Wohn- und Arbeitsbereich benutzen kann. Wenn Sie Ihrem Modell ein bisschen Privatsph\u00e4re geben m\u00f6chten, dann sollen Sie DynaSun DRESS UP 190 cm anwenden. Das Umkleidezelt ist \u00fcberall einsetzbar: Outdoor-Fotografie, Outdoor-Videoaufnahmen, Messen, Fotos und Videos in Studios, in denen es keinen Platz zum Umziehen gibt. Man nutzt es auch in der Freizeit: am Strand, Bootfahren, Schwimmen, Camping. Also \u00fcberall da wo ihre Privatsph\u00e4re gesch\u00fctzt werden soll. DynaSun DRESS UP ist 190 cm hoch und schlie\u00dfbar. Wenn es zusammengefaltet ist, passt es in einer praktischen Tragetasche. Dann hat es nur einen Durchmesser von 65cm. Die Tragetasche ist gratis im Lieferumfang dabei. Technische Daten * Einfach zu montieren und Verwenden * Gr\u00f6\u00dfe (Offen): 100 x 100 x 190 cm (Gro\u00dfe Ankleideraum) * Gr\u00f6\u00dfe (Geschlossen): nur 65x65x10cm * Farbe: Schwarz * Material: Polyester mit Metallstruktur * Langlebige und flexible Stahlrahmen * Der Eingang zur Kabine kann man mit einem Rei\u00dfverschluss geschlossen Lieferumfang * DynaSun DRESS UP 190cm XXL Pop-Up Umkleidezelt * Tragetasche<\/p>\n","protected":false},"excerpt":{"rendered":"<p>DynaSun DRESS UP 190cm XXL Pop-Up Umkleidezelt Faltbare Cabin Dressing inkl. Transporttasche f\u00fcr Outdoor Studio-Foto &#038; Video Beschreibung DynaSun DRESS UP 190 cm ist ein Pop-Up faltbares Umkleidezelt. In einer Transporttasche l\u00e4sst es sich \u00fcberall hin mitnehmen. Ein moderne Dressing Kabine, das einen Platz bietet, wo sie sicher vor neugierigen Blicken sind. Verschlie\u00dfbar ist es&hellip; <br \/> <a class=\"read-more\" href=\"https:\/\/personalcity.net\/home\/produkt\/dynasun-dress-up-190cm-xxl-pop-up-umkleidezelt-faltbare-cabin-dressing-inkl-transporttasche-fuer-outdoor-studio-foto-video\/\">Weiterlesen<\/a><\/p>\n","protected":false},"featured_media":4670,"comment_status":"open","ping_status":"closed","template":"","meta":[],"product_cat":[218],"product_tag":[],"class_list":{"0":"post-4669","1":"product","2":"type-product","3":"status-publish","4":"has-post-thumbnail","6":"product_cat-elektronik","8":"first","9":"outofstock","10":"shipping-taxable","11":"purchasable","12":"product-type-simple"},"_links":{"self":[{"href":"https:\/\/personalcity.net\/home\/wp-json\/wp\/v2\/product\/4669","targetHints":{"allow":["GET"]}}],"collection":[{"href":"https:\/\/personalcity.net\/home\/wp-json\/wp\/v2\/product"}],"about":[{"href":"https:\/\/personalcity.net\/home\/wp-json\/wp\/v2\/types\/product"}],"replies":[{"embeddable":true,"href":"https:\/\/personalcity.net\/home\/wp-json\/wp\/v2\/comments?post=4669"}],"wp:featuredmedia":[{"embeddable":true,"href":"https:\/\/personalcity.net\/home\/wp-json\/wp\/v2\/media\/4670"}],"wp:attachment":[{"href":"https:\/\/personalcity.net\/home\/wp-json\/wp\/v2\/media?parent=4669"}],"wp:term":[{"taxonomy":"product_cat","embeddable":true,"href":"https:\/\/personalcity.net\/home\/wp-json\/wp\/v2\/product_cat?post=4669"},{"taxonomy":"product_tag","embeddable":true,"href":"https:\/\/personalcity.net\/home\/wp-json\/wp\/v2\/product_tag?post=4669"}],"curies":[{"name":"wp","href":"https:\/\/api.w.org\/{rel}","templated":true}]}}