{"id":4675,"date":"2024-05-24T11:13:11","date_gmt":"2024-05-24T09:13:11","guid":{"rendered":"http:\/\/personalcity.net\/home\/produkt\/die-dynasun-st60100-ist-ein-faltbarer-portabler-fotostudio-aufnahmetisch-mit-plexiglasabdeckung-aluminiumrahmen-60x100-cm\/"},"modified":"2025-04-28T15:47:50","modified_gmt":"2025-04-28T13:47:50","slug":"die-dynasun-st60100-ist-ein-faltbarer-portabler-fotostudio-aufnahmetisch-mit-plexiglasabdeckung-aluminiumrahmen-60x100-cm","status":"publish","type":"product","link":"https:\/\/personalcity.net\/home\/produkt\/die-dynasun-st60100-ist-ein-faltbarer-portabler-fotostudio-aufnahmetisch-mit-plexiglasabdeckung-aluminiumrahmen-60x100-cm\/","title":{"rendered":"Die DynaSun ST60100 ist ein faltbarer portabler Fotostudio-Aufnahmetisch-mit Plexiglasabdeckung Aluminiumrahmen 60\u00d7100 cm"},"content":{"rendered":"<p>Die DynaSun ST60100 ist ein faltbarer portabler Fotostudio-Aufnahmetisch-mit Plexiglasabdeckung und einem Aluminiumrahmen 60&#215;100 cm f\u00fcr Video und Fotografie. Beschreibung Der DynaSun ST60100 faltbare portable Fotostudio-Aufnahmetisch 60x100cm ist ein leicht zu benutzender Aufnahmetisch ideal f\u00fcr Produktfotografien und andere professionelle Fotografien und Videos. Lampen k\u00f6nnen aufgrund des lichtdurchl\u00e4ssigen Materials leicht ober- und unterhalb des Tischs angebracht werden. Die best\u00e4ndige Acryloberfl\u00e4che ist auf der einen Seite gl\u00e4nzend und auf der anderen matt lackiert. Der Halterahmen ist schon zusammengebaut und l\u00e4sst sich leicht zusammenklappen wie ein Stuhl. Platzieren Sie einfach die Acryloberfl\u00e4che auf dem Rahmen und sichern Sie ihn mit den befestigten Klammern ab. Es bedarf keiner Extrawerkzeuge, da dieser Gegenstand nur aus zwei Teilen zusammengesetzt werden muss. Aufnahmetische geh\u00f6ren schon lange zum Produkt- \/ Standbildstudio und sind traditionell immer sehr schwer und sperrig, wodurch sie an nur einer Stelle aufgebaut und nicht transportiert werden k\u00f6nnen. Mit dem \u201eProdukttisch\u201c bietet DynaSun eine praktische L\u00f6sung. Der Tisch ist portabel und hat eine milchig-wei\u00dfe Oberfl\u00e4che aus hochfestem Nylon. Das Design fokussiert sich auf M\u00fchelosigkeit und Einfachheit beim Auf- und Abbau, wodurch der Zusammenbau nur wenige Sekunden dauert. Alles was Sie tun m\u00fcssen, ist, Lampen anzubringen. Das Sch\u00f6ne an diesem Tisch ist, dass er es Ihnen erlaubt, ihn von jeder Seite anzustrahlen, selbst von unten. Der Aufnahmetisch ist sehr praktisch und erlaubt professionelle Fotografien! Er kann f\u00fcr Dauerbetrieb mit Kontaktleuchtstofflampen oder mit Stroboskopblitzlichtern ausgestattet werden. Erreichen Sie den glatten, wei\u00dfen Hintergrund-Look ohne die Notwendigkeit einer Nachbearbeitung.<\/p>\n","protected":false},"excerpt":{"rendered":"<p>Die DynaSun ST60100 ist ein faltbarer portabler Fotostudio-Aufnahmetisch-mit Plexiglasabdeckung und einem Aluminiumrahmen 60&#215;100 cm f\u00fcr Video und Fotografie. Beschreibung Der DynaSun ST60100 faltbare portable Fotostudio-Aufnahmetisch 60x100cm ist ein leicht zu benutzender Aufnahmetisch ideal f\u00fcr Produktfotografien und andere professionelle Fotografien und Videos. Lampen k\u00f6nnen aufgrund des lichtdurchl\u00e4ssigen Materials leicht ober- und unterhalb des Tischs angebracht werden.&hellip; <br \/> <a class=\"read-more\" href=\"https:\/\/personalcity.net\/home\/produkt\/die-dynasun-st60100-ist-ein-faltbarer-portabler-fotostudio-aufnahmetisch-mit-plexiglasabdeckung-aluminiumrahmen-60x100-cm\/\">Weiterlesen<\/a><\/p>\n","protected":false},"featured_media":4676,"comment_status":"open","ping_status":"closed","template":"","meta":[],"product_cat":[218],"product_tag":[],"class_list":{"0":"post-4675","1":"product","2":"type-product","3":"status-publish","4":"has-post-thumbnail","6":"product_cat-elektronik","8":"first","9":"outofstock","10":"shipping-taxable","11":"purchasable","12":"product-type-simple"},"_links":{"self":[{"href":"https:\/\/personalcity.net\/home\/wp-json\/wp\/v2\/product\/4675","targetHints":{"allow":["GET"]}}],"collection":[{"href":"https:\/\/personalcity.net\/home\/wp-json\/wp\/v2\/product"}],"about":[{"href":"https:\/\/personalcity.net\/home\/wp-json\/wp\/v2\/types\/product"}],"replies":[{"embeddable":true,"href":"https:\/\/personalcity.net\/home\/wp-json\/wp\/v2\/comments?post=4675"}],"wp:featuredmedia":[{"embeddable":true,"href":"https:\/\/personalcity.net\/home\/wp-json\/wp\/v2\/media\/4676"}],"wp:attachment":[{"href":"https:\/\/personalcity.net\/home\/wp-json\/wp\/v2\/media?parent=4675"}],"wp:term":[{"taxonomy":"product_cat","embeddable":true,"href":"https:\/\/personalcity.net\/home\/wp-json\/wp\/v2\/product_cat?post=4675"},{"taxonomy":"product_tag","embeddable":true,"href":"https:\/\/personalcity.net\/home\/wp-json\/wp\/v2\/product_tag?post=4675"}],"curies":[{"name":"wp","href":"https:\/\/api.w.org\/{rel}","templated":true}]}}