{"id":4689,"date":"2024-05-24T11:13:18","date_gmt":"2024-05-24T09:13:18","guid":{"rendered":"http:\/\/personalcity.net\/home\/produkt\/dynasun-ad-bow-adapter-anschluss-fuer-flash-blitz-bowens\/"},"modified":"2025-04-28T15:47:50","modified_gmt":"2025-04-28T13:47:50","slug":"dynasun-ad-bow-adapter-anschluss-fuer-flash-blitz-bowens","status":"publish","type":"product","link":"https:\/\/personalcity.net\/home\/produkt\/dynasun-ad-bow-adapter-anschluss-fuer-flash-blitz-bowens\/","title":{"rendered":"DynaSun AD-BOW Adapter Anschluss f\u00fcr Flash\/Blitz Bowens"},"content":{"rendered":"<p>DynaSun AD-BOW Adapter Anschluss f\u00fcr Flash\/Blitz Bowens Beschreibung Mit diesem Adapter werden einige Zubeh\u00f6r DynaSun mit Blitz Bowens kompatibel sein. Technische Daten * Leicht und robust * Innendurchmesser: 9,8cm * H\u00f6he: 3,8 cm * Gewicht: 85g * Farbe: Silber * F\u00fcr Blitz mit normalen Bowens Anschluss Lieferumfang * DynaSun AD-BOW Adapter f\u00fcr Flash Bowens<\/p>\n","protected":false},"excerpt":{"rendered":"<p>DynaSun AD-BOW Adapter Anschluss f\u00fcr Flash\/Blitz Bowens Beschreibung Mit diesem Adapter werden einige Zubeh\u00f6r DynaSun mit Blitz Bowens kompatibel sein. Technische Daten * Leicht und robust * Innendurchmesser: 9,8cm * H\u00f6he: 3,8 cm * Gewicht: 85g * Farbe: Silber * F\u00fcr Blitz mit normalen Bowens Anschluss Lieferumfang * DynaSun AD-BOW Adapter f\u00fcr Flash Bowens<\/p>\n","protected":false},"featured_media":4690,"comment_status":"open","ping_status":"closed","template":"","meta":[],"product_cat":[218],"product_tag":[],"class_list":{"0":"post-4689","1":"product","2":"type-product","3":"status-publish","4":"has-post-thumbnail","6":"product_cat-elektronik","8":"first","9":"outofstock","10":"shipping-taxable","11":"purchasable","12":"product-type-simple"},"_links":{"self":[{"href":"https:\/\/personalcity.net\/home\/wp-json\/wp\/v2\/product\/4689","targetHints":{"allow":["GET"]}}],"collection":[{"href":"https:\/\/personalcity.net\/home\/wp-json\/wp\/v2\/product"}],"about":[{"href":"https:\/\/personalcity.net\/home\/wp-json\/wp\/v2\/types\/product"}],"replies":[{"embeddable":true,"href":"https:\/\/personalcity.net\/home\/wp-json\/wp\/v2\/comments?post=4689"}],"wp:featuredmedia":[{"embeddable":true,"href":"https:\/\/personalcity.net\/home\/wp-json\/wp\/v2\/media\/4690"}],"wp:attachment":[{"href":"https:\/\/personalcity.net\/home\/wp-json\/wp\/v2\/media?parent=4689"}],"wp:term":[{"taxonomy":"product_cat","embeddable":true,"href":"https:\/\/personalcity.net\/home\/wp-json\/wp\/v2\/product_cat?post=4689"},{"taxonomy":"product_tag","embeddable":true,"href":"https:\/\/personalcity.net\/home\/wp-json\/wp\/v2\/product_tag?post=4689"}],"curies":[{"name":"wp","href":"https:\/\/api.w.org\/{rel}","templated":true}]}}