{"id":4691,"date":"2024-05-24T11:13:19","date_gmt":"2024-05-24T09:13:19","guid":{"rendered":"http:\/\/personalcity.net\/home\/produkt\/dynasun-ad-mult-adapter-anschluss-fuer-flash-blitz-multiblitz-big\/"},"modified":"2025-04-28T15:47:50","modified_gmt":"2025-04-28T13:47:50","slug":"dynasun-ad-mult-adapter-anschluss-fuer-flash-blitz-multiblitz-big","status":"publish","type":"product","link":"https:\/\/personalcity.net\/home\/produkt\/dynasun-ad-mult-adapter-anschluss-fuer-flash-blitz-multiblitz-big\/","title":{"rendered":"DynaSun AD-MULT Adapter Anschluss f\u00fcr Flash\/Blitz Multiblitz Big"},"content":{"rendered":"<p>DynaSun AD-MULT Adapter Anschluss f\u00fcr Flash\/Blitz Multiblitz Big Beschreibung Mit diesem Adapter werden einige Zubeh\u00f6r DynaSun mit Blitz Multiblitz Big kompatibel sein. Technische Daten * Leicht und robust * Durchmesser Platte: 15,3cm * Innendurchmesser: 10,2cm * H\u00f6he: 3,8cm * Gewicht: 100g * Farbe: Silber * F\u00fcr Blitz mit normalen Multiblitz Big Anschluss Lieferumfang * DynaSun AD-MULT Adapter f\u00fcr Flash Multiblitz Big<\/p>\n","protected":false},"excerpt":{"rendered":"<p>DynaSun AD-MULT Adapter Anschluss f\u00fcr Flash\/Blitz Multiblitz Big Beschreibung Mit diesem Adapter werden einige Zubeh\u00f6r DynaSun mit Blitz Multiblitz Big kompatibel sein. Technische Daten * Leicht und robust * Durchmesser Platte: 15,3cm * Innendurchmesser: 10,2cm * H\u00f6he: 3,8cm * Gewicht: 100g * Farbe: Silber * F\u00fcr Blitz mit normalen Multiblitz Big Anschluss Lieferumfang * DynaSun&hellip; <br \/> <a class=\"read-more\" href=\"https:\/\/personalcity.net\/home\/produkt\/dynasun-ad-mult-adapter-anschluss-fuer-flash-blitz-multiblitz-big\/\">Weiterlesen<\/a><\/p>\n","protected":false},"featured_media":4692,"comment_status":"open","ping_status":"closed","template":"","meta":[],"product_cat":[218],"product_tag":[],"class_list":{"0":"post-4691","1":"product","2":"type-product","3":"status-publish","4":"has-post-thumbnail","6":"product_cat-elektronik","8":"first","9":"outofstock","10":"shipping-taxable","11":"purchasable","12":"product-type-simple"},"_links":{"self":[{"href":"https:\/\/personalcity.net\/home\/wp-json\/wp\/v2\/product\/4691","targetHints":{"allow":["GET"]}}],"collection":[{"href":"https:\/\/personalcity.net\/home\/wp-json\/wp\/v2\/product"}],"about":[{"href":"https:\/\/personalcity.net\/home\/wp-json\/wp\/v2\/types\/product"}],"replies":[{"embeddable":true,"href":"https:\/\/personalcity.net\/home\/wp-json\/wp\/v2\/comments?post=4691"}],"wp:featuredmedia":[{"embeddable":true,"href":"https:\/\/personalcity.net\/home\/wp-json\/wp\/v2\/media\/4692"}],"wp:attachment":[{"href":"https:\/\/personalcity.net\/home\/wp-json\/wp\/v2\/media?parent=4691"}],"wp:term":[{"taxonomy":"product_cat","embeddable":true,"href":"https:\/\/personalcity.net\/home\/wp-json\/wp\/v2\/product_cat?post=4691"},{"taxonomy":"product_tag","embeddable":true,"href":"https:\/\/personalcity.net\/home\/wp-json\/wp\/v2\/product_tag?post=4691"}],"curies":[{"name":"wp","href":"https:\/\/api.w.org\/{rel}","templated":true}]}}