{"id":4791,"date":"2024-05-24T11:14:09","date_gmt":"2024-05-24T09:14:09","guid":{"rendered":"http:\/\/personalcity.net\/home\/produkt\/studio-schirmsoftbox-dynasun-sb1005-84cm-reflexlicht-schirm-softbox-durchlicht\/"},"modified":"2025-04-28T15:46:17","modified_gmt":"2025-04-28T13:46:17","slug":"studio-schirmsoftbox-dynasun-sb1005-84cm-reflexlicht-schirm-softbox-durchlicht","status":"publish","type":"product","link":"https:\/\/personalcity.net\/home\/produkt\/studio-schirmsoftbox-dynasun-sb1005-84cm-reflexlicht-schirm-softbox-durchlicht\/","title":{"rendered":"Studio-Schirmsoftbox DynaSun SB1005 84cm Reflexlicht Schirm Softbox Durchlicht"},"content":{"rendered":"<p>Studio-Schirmsoftbox DynaSun SB1005 84cm 33&#8243; Reflexlicht Schirm Softbox Durchlicht Beschreibung Premium Qualit\u00e4t bietet unser DynaSun Softbox Schirm SB1005UB 33&#8243; (84cm). Untere Seite ist schwarz. Obere Seite ist durchsichtig wei\u00df. Unser Produkt l\u00e4sst sich schnell aufbauen und \u00fcberall mitnehmen. Ein sch\u00f6nes und gleichm\u00e4\u00dfiges Lichtverh\u00e4ltnis wird perfekt erzeugt. Sie erhalten dabei noch eine Tasche. DynaSun SB1005UB gibt Ihnen sehr soft, gleichm\u00e4\u00dfiges Licht. Es ist leicht aufzubauen wie ein Schirm. Keine Angst, dass Sie irgendwelchen Teil verloren habe. Das ganze Produkt besteht nur aus einem Teil. Reflektiert vom schwarzen Hintergrund kommt das softe Licht durch wei\u00dfe Diffusion. Geeignet f\u00fcr Ihren Blitzer wie ein Schirm. Die \u00d6ffnung ist gro\u00df und elastisch und versehen mit einem Rei\u00dfverschluss. Jede Sorte von Lampen passen dazu. Ab jetzt liegt ein professionelles Foto in Ihren H\u00e4nden. Viel Spa\u00df! Sie m\u00fcssen nichts zus\u00e4tzlich kaufen. Dieser Schirm passt fast zu allen Strobe\/Flash. Unser Softbox ist einfach \u00fcberall mitzunehmen. Lieferumfang * DynaSun Softbox SB1005UB 33&#8243; (84cm) * Tragtasche<\/p>\n","protected":false},"excerpt":{"rendered":"<p>Studio-Schirmsoftbox DynaSun SB1005 84cm 33&#8243; Reflexlicht Schirm Softbox Durchlicht Beschreibung Premium Qualit\u00e4t bietet unser DynaSun Softbox Schirm SB1005UB 33&#8243; (84cm). Untere Seite ist schwarz. Obere Seite ist durchsichtig wei\u00df. Unser Produkt l\u00e4sst sich schnell aufbauen und \u00fcberall mitnehmen. Ein sch\u00f6nes und gleichm\u00e4\u00dfiges Lichtverh\u00e4ltnis wird perfekt erzeugt. Sie erhalten dabei noch eine Tasche. DynaSun SB1005UB gibt&hellip; <br \/> <a class=\"read-more\" href=\"https:\/\/personalcity.net\/home\/produkt\/studio-schirmsoftbox-dynasun-sb1005-84cm-reflexlicht-schirm-softbox-durchlicht\/\">Weiterlesen<\/a><\/p>\n","protected":false},"featured_media":4792,"comment_status":"open","ping_status":"closed","template":"","meta":[],"product_cat":[218],"product_tag":[],"class_list":{"0":"post-4791","1":"product","2":"type-product","3":"status-publish","4":"has-post-thumbnail","6":"product_cat-elektronik","8":"first","9":"outofstock","10":"shipping-taxable","11":"purchasable","12":"product-type-simple"},"_links":{"self":[{"href":"https:\/\/personalcity.net\/home\/wp-json\/wp\/v2\/product\/4791","targetHints":{"allow":["GET"]}}],"collection":[{"href":"https:\/\/personalcity.net\/home\/wp-json\/wp\/v2\/product"}],"about":[{"href":"https:\/\/personalcity.net\/home\/wp-json\/wp\/v2\/types\/product"}],"replies":[{"embeddable":true,"href":"https:\/\/personalcity.net\/home\/wp-json\/wp\/v2\/comments?post=4791"}],"wp:featuredmedia":[{"embeddable":true,"href":"https:\/\/personalcity.net\/home\/wp-json\/wp\/v2\/media\/4792"}],"wp:attachment":[{"href":"https:\/\/personalcity.net\/home\/wp-json\/wp\/v2\/media?parent=4791"}],"wp:term":[{"taxonomy":"product_cat","embeddable":true,"href":"https:\/\/personalcity.net\/home\/wp-json\/wp\/v2\/product_cat?post=4791"},{"taxonomy":"product_tag","embeddable":true,"href":"https:\/\/personalcity.net\/home\/wp-json\/wp\/v2\/product_tag?post=4791"}],"curies":[{"name":"wp","href":"https:\/\/api.w.org\/{rel}","templated":true}]}}