{"id":4808,"date":"2024-05-24T11:14:13","date_gmt":"2024-05-24T09:14:13","guid":{"rendered":"http:\/\/personalcity.net\/home\/produkt\/studioset-studioleuchte-faltbar-softbox-dynasun-kit-sb1007-48x65-e27-easy-folder-mit-stativ-fuer-studio-photo-video\/"},"modified":"2025-04-28T15:45:58","modified_gmt":"2025-04-28T13:45:58","slug":"studioset-studioleuchte-faltbar-softbox-dynasun-kit-sb1007-48x65-e27-easy-folder-mit-stativ-fuer-studio-photo-video","status":"publish","type":"product","link":"https:\/\/personalcity.net\/home\/produkt\/studioset-studioleuchte-faltbar-softbox-dynasun-kit-sb1007-48x65-e27-easy-folder-mit-stativ-fuer-studio-photo-video\/","title":{"rendered":"Studioset Studioleuchte faltbar Softbox DynaSun Kit SB1007 48\u00d765 E27 EASY FOLDER mit Stativ f\u00fcr Studio Photo Video"},"content":{"rendered":"<p>Studioset Studioleuchte Softbox DynaSun SB1007 48&#215;65 EASY FOLDER +Stativ W803 Super einfach, super schnell, super leicht zum Auf- und Abbau, weniger als 60 Sekunden Beschreibung DynaSun Softbox SB1007 l\u00e4\u00dft sich weniger als 60 Sekunden aufbauen. Dr\u00fccken Sie den Softbox auf wie einen Regenschirm. Machen Sie Diffuser mit Rei\u00dfverschlussschliessung an den Rahmen. Dann ist es schon bereit f\u00fcr Ihr Shooting. Unser Softbox ist nach dem \u201eKabel-Rahmen-Konstruktion\u201c gebaut. Rei\u00dfverschluss-Verschlu\u00df macht es noch einfacher. Der Softbox hat einen integrierten Anschlu\u00df f\u00fcr Flashs. Eine Tragtasche ist auch dabei. DynaSun Softbox SB1007 ist speziell hergestellt f\u00fcr E27 Studio Flash und ist eingerichtet nach den g\u00e4ngigen Studiolights. Unser Softbox reduziert die Lichtquelle und gibt dem Bild einen milden Ton. Lampenstativ W803 Das sehr stabile Lampenstativ von DynaSun W803 Pro Studio ist f\u00fcr Blitze und Studioleuchten geeignet. Diese sehr stabilen Lampenstative f\u00fcr den professionellen Fotografen eignen sich auch hervorragend f\u00fcr Studioblitze, Tageslichtlampen, Reflektoren oder andere Ger\u00e4te mit einem Eigengewicht von bis zu 2kg. Das sehr gut verarbeitete Stativ ist mit 955g portabel und flexibel einsetzbar. Mit dem Standard-Spigot Anschlu\u00df 5\/8&#8243; ist das DynaSun W803 f\u00fcr alle \u00fcblichen Studioleuchten und Studioblitze geeignet.<\/p>\n","protected":false},"excerpt":{"rendered":"<p>Studioset Studioleuchte Softbox DynaSun SB1007 48&#215;65 EASY FOLDER +Stativ W803 Super einfach, super schnell, super leicht zum Auf- und Abbau, weniger als 60 Sekunden Beschreibung DynaSun Softbox SB1007 l\u00e4\u00dft sich weniger als 60 Sekunden aufbauen. Dr\u00fccken Sie den Softbox auf wie einen Regenschirm. Machen Sie Diffuser mit Rei\u00dfverschlussschliessung an den Rahmen. Dann ist es schon&hellip; <br \/> <a class=\"read-more\" href=\"https:\/\/personalcity.net\/home\/produkt\/studioset-studioleuchte-faltbar-softbox-dynasun-kit-sb1007-48x65-e27-easy-folder-mit-stativ-fuer-studio-photo-video\/\">Weiterlesen<\/a><\/p>\n","protected":false},"featured_media":4809,"comment_status":"open","ping_status":"closed","template":"","meta":[],"product_cat":[218],"product_tag":[],"class_list":{"0":"post-4808","1":"product","2":"type-product","3":"status-publish","4":"has-post-thumbnail","6":"product_cat-elektronik","8":"first","9":"outofstock","10":"shipping-taxable","11":"purchasable","12":"product-type-simple"},"_links":{"self":[{"href":"https:\/\/personalcity.net\/home\/wp-json\/wp\/v2\/product\/4808","targetHints":{"allow":["GET"]}}],"collection":[{"href":"https:\/\/personalcity.net\/home\/wp-json\/wp\/v2\/product"}],"about":[{"href":"https:\/\/personalcity.net\/home\/wp-json\/wp\/v2\/types\/product"}],"replies":[{"embeddable":true,"href":"https:\/\/personalcity.net\/home\/wp-json\/wp\/v2\/comments?post=4808"}],"wp:featuredmedia":[{"embeddable":true,"href":"https:\/\/personalcity.net\/home\/wp-json\/wp\/v2\/media\/4809"}],"wp:attachment":[{"href":"https:\/\/personalcity.net\/home\/wp-json\/wp\/v2\/media?parent=4808"}],"wp:term":[{"taxonomy":"product_cat","embeddable":true,"href":"https:\/\/personalcity.net\/home\/wp-json\/wp\/v2\/product_cat?post=4808"},{"taxonomy":"product_tag","embeddable":true,"href":"https:\/\/personalcity.net\/home\/wp-json\/wp\/v2\/product_tag?post=4808"}],"curies":[{"name":"wp","href":"https:\/\/api.w.org\/{rel}","templated":true}]}}