{"id":4810,"date":"2024-05-24T11:14:15","date_gmt":"2024-05-24T09:14:15","guid":{"rendered":"http:\/\/personalcity.net\/home\/produkt\/dynasun-hsbow-professional-tragbare-support-bracket-flash-blitzgeraet-speedlite-fuer-softbox-und-zubehoer-mit-anschluss-typ-s-bowens\/"},"modified":"2025-04-28T15:45:58","modified_gmt":"2025-04-28T13:45:58","slug":"dynasun-hsbow-professional-tragbare-support-bracket-flash-blitzgeraet-speedlite-fuer-softbox-und-zubehoer-mit-anschluss-typ-s-bowens","status":"publish","type":"product","link":"https:\/\/personalcity.net\/home\/produkt\/dynasun-hsbow-professional-tragbare-support-bracket-flash-blitzgeraet-speedlite-fuer-softbox-und-zubehoer-mit-anschluss-typ-s-bowens\/","title":{"rendered":"DynaSun HSBOW Professional Tragbare Support Bracket Flash Blitzger\u00e4t Speedlite f\u00fcr Softbox und Zubeh\u00f6r mit Anschluss Typ -S Bowens"},"content":{"rendered":"<p>DynaSun HSBOW Professional Tragbare Support Bracket Flash Blitzger\u00e4t Speedlite f\u00fcr Softbox und Zubeh\u00f6r mit Anschluss Typ -S Bowens Ideal f\u00fcr Fotostudio, Foto und Video Beschreibung Unser DynaSun HSBOW Brackets ist ein unverzichtbares Zubeh\u00f6r f\u00fcr jedes Fotostudio. Mit diesem Support k\u00f6nnen Sie Flash Speedlite mit Zubeh\u00f6rteilen erg\u00e4nzen, die in der Regel mit einem Studioblitz verwendet werden, wie Softbox, Snoot, Beauty Dish, Reflektoren, Flossen, Farbfilter, etc. Sie werden mit unserem tragbarem Support hochwertige Bilder festhalten. Ihrer Kreativit\u00e4t werden keine Grenzen gesetzt. Nicht zuletzt ist zu erw\u00e4hnen, dass unser Kit sehr einfach zu bedienen ist. Einfach mit einer Hand halten oder montieren Sie das Brackets auf ein g\u00e4ngiges Stativ. Stecken Sie ein Blitzger\u00e4t darauf. Dann k\u00f6nnen Sie jede Art von Zubeh\u00f6r mit Bowens S-Typ Anschluss befestigen. Einfacher geht es nicht. Technische Daten * Ergonomischer Halterung * Anschluss Typ Bowens S * Studioschirm Anschluss * Schneller Montage * Ma\u00dfe: ca. 30x15x5cm * Maximale Gr\u00f6\u00dfe Kopf Blitz Speedlite: 5,0&#215;6,5cm * Unterst\u00fctzung von Flash-universal, unterst\u00fctzt die meisten Blitz Speedlite<\/p>\n","protected":false},"excerpt":{"rendered":"<p>DynaSun HSBOW Professional Tragbare Support Bracket Flash Blitzger\u00e4t Speedlite f\u00fcr Softbox und Zubeh\u00f6r mit Anschluss Typ -S Bowens Ideal f\u00fcr Fotostudio, Foto und Video Beschreibung Unser DynaSun HSBOW Brackets ist ein unverzichtbares Zubeh\u00f6r f\u00fcr jedes Fotostudio. Mit diesem Support k\u00f6nnen Sie Flash Speedlite mit Zubeh\u00f6rteilen erg\u00e4nzen, die in der Regel mit einem Studioblitz verwendet werden,&hellip; <br \/> <a class=\"read-more\" href=\"https:\/\/personalcity.net\/home\/produkt\/dynasun-hsbow-professional-tragbare-support-bracket-flash-blitzgeraet-speedlite-fuer-softbox-und-zubehoer-mit-anschluss-typ-s-bowens\/\">Weiterlesen<\/a><\/p>\n","protected":false},"featured_media":4811,"comment_status":"open","ping_status":"closed","template":"","meta":[],"product_cat":[218],"product_tag":[],"class_list":{"0":"post-4810","1":"product","2":"type-product","3":"status-publish","4":"has-post-thumbnail","6":"product_cat-elektronik","8":"first","9":"outofstock","10":"shipping-taxable","11":"purchasable","12":"product-type-simple"},"_links":{"self":[{"href":"https:\/\/personalcity.net\/home\/wp-json\/wp\/v2\/product\/4810","targetHints":{"allow":["GET"]}}],"collection":[{"href":"https:\/\/personalcity.net\/home\/wp-json\/wp\/v2\/product"}],"about":[{"href":"https:\/\/personalcity.net\/home\/wp-json\/wp\/v2\/types\/product"}],"replies":[{"embeddable":true,"href":"https:\/\/personalcity.net\/home\/wp-json\/wp\/v2\/comments?post=4810"}],"wp:featuredmedia":[{"embeddable":true,"href":"https:\/\/personalcity.net\/home\/wp-json\/wp\/v2\/media\/4811"}],"wp:attachment":[{"href":"https:\/\/personalcity.net\/home\/wp-json\/wp\/v2\/media?parent=4810"}],"wp:term":[{"taxonomy":"product_cat","embeddable":true,"href":"https:\/\/personalcity.net\/home\/wp-json\/wp\/v2\/product_cat?post=4810"},{"taxonomy":"product_tag","embeddable":true,"href":"https:\/\/personalcity.net\/home\/wp-json\/wp\/v2\/product_tag?post=4810"}],"curies":[{"name":"wp","href":"https:\/\/api.w.org\/{rel}","templated":true}]}}