{"id":4883,"date":"2024-05-24T11:14:41","date_gmt":"2024-05-24T09:14:41","guid":{"rendered":"http:\/\/personalcity.net\/home\/produkt\/3x-schirm-softbox-dynasun-ur02-1-weiss-diffusor-1-reflektorschirm-silber-1-studioschirm-gold-84cm\/"},"modified":"2025-04-28T15:45:20","modified_gmt":"2025-04-28T13:45:20","slug":"3x-schirm-softbox-dynasun-ur02-1-weiss-diffusor-1-reflektorschirm-silber-1-studioschirm-gold-84cm","status":"publish","type":"product","link":"https:\/\/personalcity.net\/home\/produkt\/3x-schirm-softbox-dynasun-ur02-1-weiss-diffusor-1-reflektorschirm-silber-1-studioschirm-gold-84cm\/","title":{"rendered":"3x Schirm Softbox DynaSun UR02 =1 Weiss Diffusor ,1 Reflektorschirm Silber ,1 Studioschirm Gold 84cm"},"content":{"rendered":"<p>3x Schirm Softbox DynaSun PRO UR02 Weiss Diffusor + Reflektorschirm Silber + Studioschirm Gold 84cm Beschreibung Studioschirm Weiss Studioschirme sind die wichtigsten Lichtformer im Studio. Die wei\u00dfen Schirme eignen sich als Reflexschirm sowie f\u00fcr Durchlicht und geben ein gleichm\u00e4\u00dfig weiches Licht. Dieser Reflexschirm eignet sich als Durchlichtschirm mit sehr weicher Lichtcharakteristik f\u00fcr alle Anwendungsgebiete. Der softe Studioschirm \/ Durchlichtschirm gibt weiches, gleichm\u00e4\u00dfiges Licht und verringert harte Schatten. Ideal als Erg\u00e4nzung zu unseren Studioset-Angeboten. Passt in jeden Standard- Reflexschirm-Halter. Studioschirm Gold\/Schwarz Studioschirme sind die wichtigsten Lichtformer im Studio. Die gold Schirm macht die Lichtfarbe w\u00e4rmer und eignet sich vor allem f\u00fcr die Portraitfotografie. Das Licht wird durch die Goldfarbene Beschichtung etwas gelber, dadurch werden die Hautt\u00f6ne besser dargestellt. Die Au\u00dfenseite ist Schwarz. Ideal als Erg\u00e4nzung zu unseren Studioset-Angeboten. Passt in jeden Standard- Reflexschirm-Halter. Studioschirm Silber Dieser Reflexschirm eignet sich ideal f\u00fcr Portaits oder Sachaufnahmen bei denen ein Licht ben\u00f6tigt wird, das etwas h\u00e4rter ist. Der silberne Studio-Reflexschirm bewirkt eine starke Reflektion, f\u00fcr harte Kontraste. Ideal als Erg\u00e4nzung zu unseren Studioset-Angeboten. Passt in jeden Standard- Reflexschirm-Halter. Die DynaSun Studioschirme sind professionell verarbeitet und trotzdem preiswert. Lieferumfang * Studioschirm DynaSun UR02W Weiss 84cm * Studioschirm DynaSun UR02GB Gold\/Schwarz 84cm * Studioschirm DynaSun UR02S Silber 84cm<\/p>\n","protected":false},"excerpt":{"rendered":"<p>3x Schirm Softbox DynaSun PRO UR02 Weiss Diffusor + Reflektorschirm Silber + Studioschirm Gold 84cm Beschreibung Studioschirm Weiss Studioschirme sind die wichtigsten Lichtformer im Studio. Die wei\u00dfen Schirme eignen sich als Reflexschirm sowie f\u00fcr Durchlicht und geben ein gleichm\u00e4\u00dfig weiches Licht. Dieser Reflexschirm eignet sich als Durchlichtschirm mit sehr weicher Lichtcharakteristik f\u00fcr alle Anwendungsgebiete. Der&hellip; <br \/> <a class=\"read-more\" href=\"https:\/\/personalcity.net\/home\/produkt\/3x-schirm-softbox-dynasun-ur02-1-weiss-diffusor-1-reflektorschirm-silber-1-studioschirm-gold-84cm\/\">Weiterlesen<\/a><\/p>\n","protected":false},"featured_media":4884,"comment_status":"open","ping_status":"closed","template":"","meta":[],"product_cat":[218],"product_tag":[],"class_list":{"0":"post-4883","1":"product","2":"type-product","3":"status-publish","4":"has-post-thumbnail","6":"product_cat-elektronik","8":"first","9":"outofstock","10":"shipping-taxable","11":"purchasable","12":"product-type-simple"},"_links":{"self":[{"href":"https:\/\/personalcity.net\/home\/wp-json\/wp\/v2\/product\/4883","targetHints":{"allow":["GET"]}}],"collection":[{"href":"https:\/\/personalcity.net\/home\/wp-json\/wp\/v2\/product"}],"about":[{"href":"https:\/\/personalcity.net\/home\/wp-json\/wp\/v2\/types\/product"}],"replies":[{"embeddable":true,"href":"https:\/\/personalcity.net\/home\/wp-json\/wp\/v2\/comments?post=4883"}],"wp:featuredmedia":[{"embeddable":true,"href":"https:\/\/personalcity.net\/home\/wp-json\/wp\/v2\/media\/4884"}],"wp:attachment":[{"href":"https:\/\/personalcity.net\/home\/wp-json\/wp\/v2\/media?parent=4883"}],"wp:term":[{"taxonomy":"product_cat","embeddable":true,"href":"https:\/\/personalcity.net\/home\/wp-json\/wp\/v2\/product_cat?post=4883"},{"taxonomy":"product_tag","embeddable":true,"href":"https:\/\/personalcity.net\/home\/wp-json\/wp\/v2\/product_tag?post=4883"}],"curies":[{"name":"wp","href":"https:\/\/api.w.org\/{rel}","templated":true}]}}