{"id":4891,"date":"2024-05-24T11:14:44","date_gmt":"2024-05-24T09:14:44","guid":{"rendered":"http:\/\/personalcity.net\/home\/produkt\/dynasun-ur02-xxl-180cm-studio-schirm-softbox-silber-studioschirm-reflektorschirm\/"},"modified":"2025-04-28T15:45:20","modified_gmt":"2025-04-28T13:45:20","slug":"dynasun-ur02-xxl-180cm-studio-schirm-softbox-silber-studioschirm-reflektorschirm","status":"publish","type":"product","link":"https:\/\/personalcity.net\/home\/produkt\/dynasun-ur02-xxl-180cm-studio-schirm-softbox-silber-studioschirm-reflektorschirm\/","title":{"rendered":"DynaSun UR02 XXL 180cm Studio Schirm Softbox Silber Studioschirm Reflektorschirm"},"content":{"rendered":"<p>Studio Schirm Softbox DynaSun PRO UR02 XXL 180cm Silber Studioschirm Reflektorschirm f\u00fcr Studioleuchte Beschreibung Dieser Reflexschirm eignet sich ideal f\u00fcr Portaits oder Sachaufnahmen bei denen ein Licht ben\u00f6tigt wird, das etwas h\u00e4rter ist. Der silberne Studio-Reflexschirm bewirkt eine starke Reflektion, f\u00fcr harte Kontraste. Mit diesem DynaSun UR02S Profi Studioschirm in Schwarz\/Silber l\u00e4sst sich das Licht Ihres Blitzes reflektieren und kann eingesetzt werden, um Licht gezielt auf das Objekt zu steuern. Ob bei Produkt, Katalog oder Hobbyfotografie &#8211; mit dem Reflektorschirm DynaSun UR02S werden Ihre Bilder noch lebensechter durch den gleichm\u00e4\u00dfigem Lichteinfall und den bessere Reflexionen. Durch die schwarze Au\u00dfenbeschichtung wird Streulicht vermindert und dadurch der Lichtverlust minimiert. Mit diesem Silber\/Schwarzen Reflexschirm, von 180cm Durchmesser, haben Sie die M\u00f6glichkeit ein Model fast in G\u00e4nze gleichm\u00e4\u00dfig auszuleuchten. Ein Durchblitzen ist dank der schwarzen Beschichtung ausgeschlossen. Ideal als Erg\u00e4nzung zu unseren Studioset-Angeboten. Passt in jeden Standard- Reflexschirm-Halter. Die DynaSun Studioschirme sind professionell verarbeitet und trotzdem preiswert. Technische Daten * Farbe: Silber\/Schwarz * Durchmesser: 180cm * Stange: 8mm * Au\u00dfenfarbe: Schwarz * Innenfarbe: Silber * Passt in jeden Standard- Reflexschirm-Halter * F\u00fcr w\u00e4rmer Lichtfarbe * eignet sich f\u00fcr die Portraitfotografie * Schnell aufgespannt und einsatzbereit * Ideal f\u00fcr unterwegs * Gro\u00dffl\u00e4chige und gleichm\u00e4\u00dfige Ausleuchtung * Perfekt f\u00fcr Studio und OnLocation Outdoor, Fashion &#038; Beauty Aufnahmen Lieferumfang * Studioschirm DynaSun UR02S XXL 180cm Silber<\/p>\n","protected":false},"excerpt":{"rendered":"<p>Studio Schirm Softbox DynaSun PRO UR02 XXL 180cm Silber Studioschirm Reflektorschirm f\u00fcr Studioleuchte Beschreibung Dieser Reflexschirm eignet sich ideal f\u00fcr Portaits oder Sachaufnahmen bei denen ein Licht ben\u00f6tigt wird, das etwas h\u00e4rter ist. Der silberne Studio-Reflexschirm bewirkt eine starke Reflektion, f\u00fcr harte Kontraste. Mit diesem DynaSun UR02S Profi Studioschirm in Schwarz\/Silber l\u00e4sst sich das Licht&hellip; <br \/> <a class=\"read-more\" href=\"https:\/\/personalcity.net\/home\/produkt\/dynasun-ur02-xxl-180cm-studio-schirm-softbox-silber-studioschirm-reflektorschirm\/\">Weiterlesen<\/a><\/p>\n","protected":false},"featured_media":4902,"comment_status":"open","ping_status":"closed","template":"","meta":[],"product_cat":[218],"product_tag":[],"class_list":{"0":"post-4891","1":"product","2":"type-product","3":"status-publish","4":"has-post-thumbnail","6":"product_cat-elektronik","8":"first","9":"outofstock","10":"shipping-taxable","11":"purchasable","12":"product-type-simple"},"_links":{"self":[{"href":"https:\/\/personalcity.net\/home\/wp-json\/wp\/v2\/product\/4891","targetHints":{"allow":["GET"]}}],"collection":[{"href":"https:\/\/personalcity.net\/home\/wp-json\/wp\/v2\/product"}],"about":[{"href":"https:\/\/personalcity.net\/home\/wp-json\/wp\/v2\/types\/product"}],"replies":[{"embeddable":true,"href":"https:\/\/personalcity.net\/home\/wp-json\/wp\/v2\/comments?post=4891"}],"wp:featuredmedia":[{"embeddable":true,"href":"https:\/\/personalcity.net\/home\/wp-json\/wp\/v2\/media\/4902"}],"wp:attachment":[{"href":"https:\/\/personalcity.net\/home\/wp-json\/wp\/v2\/media?parent=4891"}],"wp:term":[{"taxonomy":"product_cat","embeddable":true,"href":"https:\/\/personalcity.net\/home\/wp-json\/wp\/v2\/product_cat?post=4891"},{"taxonomy":"product_tag","embeddable":true,"href":"https:\/\/personalcity.net\/home\/wp-json\/wp\/v2\/product_tag?post=4891"}],"curies":[{"name":"wp","href":"https:\/\/api.w.org\/{rel}","templated":true}]}}