{"id":4949,"date":"2024-05-24T11:15:06","date_gmt":"2024-05-24T09:15:06","guid":{"rendered":"http:\/\/personalcity.net\/home\/produkt\/dynasun-car20-professionelle-kamerawagen-skater-dolly-cinema-stativ-fuer-actioncameras-kamerafahrt-foto-und-video-dslr-kamera-videokamera-camcorder\/"},"modified":"2025-04-28T15:44:54","modified_gmt":"2025-04-28T13:44:54","slug":"dynasun-car20-professionelle-kamerawagen-skater-dolly-cinema-stativ-fuer-actioncameras-kamerafahrt-foto-und-video-dslr-kamera-videokamera-camcorder","status":"publish","type":"product","link":"https:\/\/personalcity.net\/home\/produkt\/dynasun-car20-professionelle-kamerawagen-skater-dolly-cinema-stativ-fuer-actioncameras-kamerafahrt-foto-und-video-dslr-kamera-videokamera-camcorder\/","title":{"rendered":"DynaSun CAR20 Professionelle Kamerawagen Skater Dolly Cinema Stativ f\u00fcr Actioncameras Kamerafahrt Foto und Video DSLR-Kamera, Videokamera Camcorder"},"content":{"rendered":"<p>DynaSun CAR20 Professionelle Kamerawagen Skater Dolly Cinema Stativ f\u00fcr Actioncameras Kamerafahrt Foto und Video DSLR-Kamera, Videokamera Camcorder Beschreibung Das Skater Dolly Cinema Stativ DynaSun CAR20 erm\u00f6glicht Ihnen ruhige und weiche Kamerafahrten ohne diese dabei zu verwackeln. Die stabilen Rollen aus Hartgummi lassen das Stativ sanft \u00fcber alle Oberfl\u00e4chen gleiten. DynaSun CAR20 ist eine gro\u00dfartige Kamera Skater Dolly f\u00fcr Spa\u00df und interessante Video-Aufnahmen. Die Achsen sind frei verstellbar. Markierungen auf der Grundplatte erm\u00f6glichen eine pr\u00e4zise Einstellung der Achse. Der Wagen kann man f\u00fcr Kurven- oder 360\u00b0- Fahrten nutzen, z.B. f\u00fcr Panoramaaufnahmen oder Rundumansichten von Objekten. Perfekt f\u00fcr Skateboarding, BMX, Extremsport, Rennsport und mehr. Er f\u00e4hrt auf weichen Skaterrollen und kommt ganz ohne Schienen aus. Universalbauweise, kompatibel mit den meisten Kameras und Videokameras. Technische Daten * Professionelle Skater Dolly f\u00fcr Fotografie und Video * Einfache Bedienung * Kompakt und leicht * F\u00fcr den Einsatz mit DSLRs und Camcordern * Perfekt f\u00fcr Tischaufstellung oder Low-Winkel Motion-Tracking * Beide Achsen freibeweglich f\u00fcr Kurvenfahrten oder 360\u00b0-Drehungen * Material Skaterrollen: Hartgummi * Belastbarkeit: 12kg * 1\/4&#8243; Gewinde anschluss mit Adapter 3\/8&#8243; * Abmessungen: 20x14x6,5cm * Farbe: Schwarz Lieferumfang * DynaSun CAR20 Skater Dolly<\/p>\n","protected":false},"excerpt":{"rendered":"<p>DynaSun CAR20 Professionelle Kamerawagen Skater Dolly Cinema Stativ f\u00fcr Actioncameras Kamerafahrt Foto und Video DSLR-Kamera, Videokamera Camcorder Beschreibung Das Skater Dolly Cinema Stativ DynaSun CAR20 erm\u00f6glicht Ihnen ruhige und weiche Kamerafahrten ohne diese dabei zu verwackeln. Die stabilen Rollen aus Hartgummi lassen das Stativ sanft \u00fcber alle Oberfl\u00e4chen gleiten. DynaSun CAR20 ist eine gro\u00dfartige Kamera&hellip; <br \/> <a class=\"read-more\" href=\"https:\/\/personalcity.net\/home\/produkt\/dynasun-car20-professionelle-kamerawagen-skater-dolly-cinema-stativ-fuer-actioncameras-kamerafahrt-foto-und-video-dslr-kamera-videokamera-camcorder\/\">Weiterlesen<\/a><\/p>\n","protected":false},"featured_media":4950,"comment_status":"open","ping_status":"closed","template":"","meta":[],"product_cat":[218],"product_tag":[],"class_list":{"0":"post-4949","1":"product","2":"type-product","3":"status-publish","4":"has-post-thumbnail","6":"product_cat-elektronik","8":"first","9":"outofstock","10":"shipping-taxable","11":"purchasable","12":"product-type-simple"},"_links":{"self":[{"href":"https:\/\/personalcity.net\/home\/wp-json\/wp\/v2\/product\/4949","targetHints":{"allow":["GET"]}}],"collection":[{"href":"https:\/\/personalcity.net\/home\/wp-json\/wp\/v2\/product"}],"about":[{"href":"https:\/\/personalcity.net\/home\/wp-json\/wp\/v2\/types\/product"}],"replies":[{"embeddable":true,"href":"https:\/\/personalcity.net\/home\/wp-json\/wp\/v2\/comments?post=4949"}],"wp:featuredmedia":[{"embeddable":true,"href":"https:\/\/personalcity.net\/home\/wp-json\/wp\/v2\/media\/4950"}],"wp:attachment":[{"href":"https:\/\/personalcity.net\/home\/wp-json\/wp\/v2\/media?parent=4949"}],"wp:term":[{"taxonomy":"product_cat","embeddable":true,"href":"https:\/\/personalcity.net\/home\/wp-json\/wp\/v2\/product_cat?post=4949"},{"taxonomy":"product_tag","embeddable":true,"href":"https:\/\/personalcity.net\/home\/wp-json\/wp\/v2\/product_tag?post=4949"}],"curies":[{"name":"wp","href":"https:\/\/api.w.org\/{rel}","templated":true}]}}