{"id":4976,"date":"2024-05-24T11:15:19","date_gmt":"2024-05-24T09:15:19","guid":{"rendered":"http:\/\/personalcity.net\/home\/produkt\/professioneller-kamera-dolly-stativwagen-dynasun-wt600-bis-50kg-fuer-3bein-stativ\/"},"modified":"2025-04-28T15:44:33","modified_gmt":"2025-04-28T13:44:33","slug":"professioneller-kamera-dolly-stativwagen-dynasun-wt600-bis-50kg-fuer-3bein-stativ","status":"publish","type":"product","link":"https:\/\/personalcity.net\/home\/produkt\/professioneller-kamera-dolly-stativwagen-dynasun-wt600-bis-50kg-fuer-3bein-stativ\/","title":{"rendered":"Professioneller Kamera Dolly Stativwagen DynaSun WT600 bis 50Kg f\u00fcr 3Bein Stativ"},"content":{"rendered":"<p>KAMERA STATIV DOLLY STATIVWAGEN KAMERA DOLLY DYNASUN WT-600 Belastbarkeit bis 50Kg Universal Video Foto Digital Beschreibung Gerade im Studio ist es oft nervig das Stativ jeder kleinen Modell\u00e4nderung anzupassen. Steht das Stativ allerdings auf einem Dolly, wird es einfach ein St\u00fcck weitergeschoben. Die Stativbeine werden auf dem Stativwagen fixiert. Ein unverzichtbarer Aluminium-Stativdolly f\u00fcr den professionellen Broadcasteinsatz mit einzeln feststellbaren, sehr ruhig und pr\u00e4zise laufenden Gummir\u00e4dern. Lieferumfang * Stativwagen Dolly DynaSun WT600 * Rei\u00dfverschlu\u00dfstofftasche<\/p>\n","protected":false},"excerpt":{"rendered":"<p>KAMERA STATIV DOLLY STATIVWAGEN KAMERA DOLLY DYNASUN WT-600 Belastbarkeit bis 50Kg Universal Video Foto Digital Beschreibung Gerade im Studio ist es oft nervig das Stativ jeder kleinen Modell\u00e4nderung anzupassen. Steht das Stativ allerdings auf einem Dolly, wird es einfach ein St\u00fcck weitergeschoben. Die Stativbeine werden auf dem Stativwagen fixiert. Ein unverzichtbarer Aluminium-Stativdolly f\u00fcr den professionellen&hellip; <br \/> <a class=\"read-more\" href=\"https:\/\/personalcity.net\/home\/produkt\/professioneller-kamera-dolly-stativwagen-dynasun-wt600-bis-50kg-fuer-3bein-stativ\/\">Weiterlesen<\/a><\/p>\n","protected":false},"featured_media":4977,"comment_status":"open","ping_status":"closed","template":"","meta":[],"product_cat":[218],"product_tag":[],"class_list":{"0":"post-4976","1":"product","2":"type-product","3":"status-publish","4":"has-post-thumbnail","6":"product_cat-elektronik","8":"first","9":"outofstock","10":"shipping-taxable","11":"purchasable","12":"product-type-simple"},"_links":{"self":[{"href":"https:\/\/personalcity.net\/home\/wp-json\/wp\/v2\/product\/4976","targetHints":{"allow":["GET"]}}],"collection":[{"href":"https:\/\/personalcity.net\/home\/wp-json\/wp\/v2\/product"}],"about":[{"href":"https:\/\/personalcity.net\/home\/wp-json\/wp\/v2\/types\/product"}],"replies":[{"embeddable":true,"href":"https:\/\/personalcity.net\/home\/wp-json\/wp\/v2\/comments?post=4976"}],"wp:featuredmedia":[{"embeddable":true,"href":"https:\/\/personalcity.net\/home\/wp-json\/wp\/v2\/media\/4977"}],"wp:attachment":[{"href":"https:\/\/personalcity.net\/home\/wp-json\/wp\/v2\/media?parent=4976"}],"wp:term":[{"taxonomy":"product_cat","embeddable":true,"href":"https:\/\/personalcity.net\/home\/wp-json\/wp\/v2\/product_cat?post=4976"},{"taxonomy":"product_tag","embeddable":true,"href":"https:\/\/personalcity.net\/home\/wp-json\/wp\/v2\/product_tag?post=4976"}],"curies":[{"name":"wp","href":"https:\/\/api.w.org\/{rel}","templated":true}]}}