{"id":5004,"date":"2024-05-24T11:15:30","date_gmt":"2024-05-24T09:15:30","guid":{"rendered":"http:\/\/personalcity.net\/home\/produkt\/dynasun-fs9308-125-300cm-3mt-hintergrundstange-hintergrundsystem-teleskop-stange-querstange-fuer-stativ-hintergrund\/"},"modified":"2025-04-28T15:44:02","modified_gmt":"2025-04-28T13:44:02","slug":"dynasun-fs9308-125-300cm-3mt-hintergrundstange-hintergrundsystem-teleskop-stange-querstange-fuer-stativ-hintergrund","status":"publish","type":"product","link":"https:\/\/personalcity.net\/home\/produkt\/dynasun-fs9308-125-300cm-3mt-hintergrundstange-hintergrundsystem-teleskop-stange-querstange-fuer-stativ-hintergrund\/","title":{"rendered":"DynaSun FS9308 125-300cm 3mt Hintergrundstange Hintergrundsystem Teleskop Stange Querstange f\u00fcr Stativ Hintergrund"},"content":{"rendered":"<p>DynaSun FS9308 125-300cm 3mt Hintergrundstange Hintergrundsystem Teleskop Stange Querstange f\u00fcr Stativ Hintergrund Beschreibung Die Querstange DynaSun FS9308 kann man einfach in eine Foto- Videostudio verwenden. Aufgrund seiner geringen Gewicht durch Aluminium-Konstruktion ist einfach mitnehmen und vor Ort montieren. Die Installation kann von einer Person erledigt werden. Die DynaSun FS9308 Teleskop-Stange l\u00e4sst sich zwischen 1,25mt und 3,00mt ausziehen und ist damit steckbaren Systemen um L\u00e4ngen voraus. F\u00fcr jede Lampenstativ mit Standard Spigot, sie k\u00f6nnen die Teleskop-Stange durch die 5\/8 Spigot-Anschluss aufstecken. Mit diesen Artikel, ist die Verwendung von mehreren Hintergr\u00fcnde einfacher. Technische Daten * Teleskop-Querstange (\u00d8 ca. 3cm) * Stufenlos ausziehbar von ca. 125-300cm * Zum Aufstecken an Stativen mit 5\/8 Zoll Spigot-Anschluss * Ideal geeignet f\u00fcr Stoffhintergr\u00fcnde und Hintergrundpapier * Ideale Verwendung mit Lampenstativen wie DynaSun W803 W957 W807 W808 FS901 FS502 Lieferumfang * DynaSun FS9308 125-300cm 3mt<\/p>\n","protected":false},"excerpt":{"rendered":"<p>DynaSun FS9308 125-300cm 3mt Hintergrundstange Hintergrundsystem Teleskop Stange Querstange f\u00fcr Stativ Hintergrund Beschreibung Die Querstange DynaSun FS9308 kann man einfach in eine Foto- Videostudio verwenden. Aufgrund seiner geringen Gewicht durch Aluminium-Konstruktion ist einfach mitnehmen und vor Ort montieren. Die Installation kann von einer Person erledigt werden. Die DynaSun FS9308 Teleskop-Stange l\u00e4sst sich zwischen 1,25mt und&hellip; <br \/> <a class=\"read-more\" href=\"https:\/\/personalcity.net\/home\/produkt\/dynasun-fs9308-125-300cm-3mt-hintergrundstange-hintergrundsystem-teleskop-stange-querstange-fuer-stativ-hintergrund\/\">Weiterlesen<\/a><\/p>\n","protected":false},"featured_media":5005,"comment_status":"open","ping_status":"closed","template":"","meta":[],"product_cat":[218],"product_tag":[],"class_list":{"0":"post-5004","1":"product","2":"type-product","3":"status-publish","4":"has-post-thumbnail","6":"product_cat-elektronik","8":"first","9":"outofstock","10":"shipping-taxable","11":"purchasable","12":"product-type-simple"},"_links":{"self":[{"href":"https:\/\/personalcity.net\/home\/wp-json\/wp\/v2\/product\/5004","targetHints":{"allow":["GET"]}}],"collection":[{"href":"https:\/\/personalcity.net\/home\/wp-json\/wp\/v2\/product"}],"about":[{"href":"https:\/\/personalcity.net\/home\/wp-json\/wp\/v2\/types\/product"}],"replies":[{"embeddable":true,"href":"https:\/\/personalcity.net\/home\/wp-json\/wp\/v2\/comments?post=5004"}],"wp:featuredmedia":[{"embeddable":true,"href":"https:\/\/personalcity.net\/home\/wp-json\/wp\/v2\/media\/5005"}],"wp:attachment":[{"href":"https:\/\/personalcity.net\/home\/wp-json\/wp\/v2\/media?parent=5004"}],"wp:term":[{"taxonomy":"product_cat","embeddable":true,"href":"https:\/\/personalcity.net\/home\/wp-json\/wp\/v2\/product_cat?post=5004"},{"taxonomy":"product_tag","embeddable":true,"href":"https:\/\/personalcity.net\/home\/wp-json\/wp\/v2\/product_tag?post=5004"}],"curies":[{"name":"wp","href":"https:\/\/api.w.org\/{rel}","templated":true}]}}