{"id":5042,"date":"2024-05-24T11:15:44","date_gmt":"2024-05-24T09:15:44","guid":{"rendered":"http:\/\/personalcity.net\/home\/produkt\/dynasun-wt010h-stativkopf-3d-neiger-professionell-kopf-neigekopf-3-wege-mit-schnellwechselplatte-1-4%e2%80%b3-fuer-fotostativ-kamera-video-stativ-videostativ\/"},"modified":"2025-04-28T15:43:39","modified_gmt":"2025-04-28T13:43:39","slug":"dynasun-wt010h-stativkopf-3d-neiger-professionell-kopf-neigekopf-3-wege-mit-schnellwechselplatte-1-4%e2%80%b3-fuer-fotostativ-kamera-video-stativ-videostativ","status":"publish","type":"product","link":"https:\/\/personalcity.net\/home\/produkt\/dynasun-wt010h-stativkopf-3d-neiger-professionell-kopf-neigekopf-3-wege-mit-schnellwechselplatte-1-4%e2%80%b3-fuer-fotostativ-kamera-video-stativ-videostativ\/","title":{"rendered":"DynaSun WT010H Stativkopf 3D-Neiger Professionell Kopf Neigekopf 3-Wege mit Schnellwechselplatte 1\/4\u2033 f\u00fcr Fotostativ Kamera Video Stativ Videostativ"},"content":{"rendered":"<p>DynaSun WT010H Professionell Stativkopf 3D-Neiger Neigekopf 3-Wege mit Schnellwechselplatte 1\/4&#8243; f\u00fcr Fotostativ Kamera Stativ Videostativ mit 3\/8&#8243; Anschlu\u00df BeschreibungUnser DynaSun WT010H 3D-Neiger Stativkopf ist stabil, robust und dennoch sehr pr\u00e4zise. Dies sind die wichtigsten Merkmale unseres Stativkopfes. Mit dem DynaSun Stativkopf WT010H haben Sie beim Foto-Shooting keinen Wunsch mehr frei. Sie k\u00f6nnen Ihre Kamera beliebig kippen, neigen, drehen und es geht einfach wie von selbst. Der Kopf Pr\u00e4zision und Flexibilit\u00e4t in einem. Als Profi m\u00fcssen Sie beim Shooting sehr schnell und flexibel sein. Mit dem mitgelieferten Schwenk-Arm k\u00f6nnen Sie Ihre Objekte schnell und exakt fokussieren. Damit k\u00f6nnen Sie Ihre Aufnahmen blitzschnell zwischen Quer- und Hochformat je nach der Situation \u00e4ndern. Der 3-D Neiger bietet Ihnen die exakte momentane Kameraposition an. Beim Kippen ist Hochformat kinderleicht einzustellen. Kamera- und StativanschlussDer Neiger hat einen 1\/4&#8243; Kameraanschluss sowie einen 3\/8&#8243; Stativanschluss.Stabile Schwenkarme f\u00fcr sichere BilderIn unserem Produkt sind drei massive, abschraubbare Schwenkarme mitgeliefert. Die Arme sind sehr weich gepolstert. Leicht und spielend k\u00f6nnen Sie Ihre Aufnahme steuern. 3-D BewegungenMit dem Schwenkarm l\u00e4sst sich der Stativkopf um 360 Grad horizontal drehen und um 120 Grad nach vorn und hinten sowie links und rechts neigen. Ein leichter Joystick-Effekt ist somit gesichert.Am Stativkopf ist auch eine integrierte Wasserwaage zu nutzen. Die Skala dient dazu, Ihre Kamera noch pr\u00e4ziser zu positionieren-<\/p>\n","protected":false},"excerpt":{"rendered":"<p>DynaSun WT010H Professionell Stativkopf 3D-Neiger Neigekopf 3-Wege mit Schnellwechselplatte 1\/4&#8243; f\u00fcr Fotostativ Kamera Stativ Videostativ mit 3\/8&#8243; Anschlu\u00df BeschreibungUnser DynaSun WT010H 3D-Neiger Stativkopf ist stabil, robust und dennoch sehr pr\u00e4zise. Dies sind die wichtigsten Merkmale unseres Stativkopfes. Mit dem DynaSun Stativkopf WT010H haben Sie beim Foto-Shooting keinen Wunsch mehr frei. Sie k\u00f6nnen Ihre Kamera beliebig&hellip; <br \/> <a class=\"read-more\" href=\"https:\/\/personalcity.net\/home\/produkt\/dynasun-wt010h-stativkopf-3d-neiger-professionell-kopf-neigekopf-3-wege-mit-schnellwechselplatte-1-4%e2%80%b3-fuer-fotostativ-kamera-video-stativ-videostativ\/\">Weiterlesen<\/a><\/p>\n","protected":false},"featured_media":5043,"comment_status":"open","ping_status":"closed","template":"","meta":[],"product_cat":[218],"product_tag":[],"class_list":{"0":"post-5042","1":"product","2":"type-product","3":"status-publish","4":"has-post-thumbnail","6":"product_cat-elektronik","8":"first","9":"outofstock","10":"shipping-taxable","11":"purchasable","12":"product-type-simple"},"_links":{"self":[{"href":"https:\/\/personalcity.net\/home\/wp-json\/wp\/v2\/product\/5042","targetHints":{"allow":["GET"]}}],"collection":[{"href":"https:\/\/personalcity.net\/home\/wp-json\/wp\/v2\/product"}],"about":[{"href":"https:\/\/personalcity.net\/home\/wp-json\/wp\/v2\/types\/product"}],"replies":[{"embeddable":true,"href":"https:\/\/personalcity.net\/home\/wp-json\/wp\/v2\/comments?post=5042"}],"wp:featuredmedia":[{"embeddable":true,"href":"https:\/\/personalcity.net\/home\/wp-json\/wp\/v2\/media\/5043"}],"wp:attachment":[{"href":"https:\/\/personalcity.net\/home\/wp-json\/wp\/v2\/media?parent=5042"}],"wp:term":[{"taxonomy":"product_cat","embeddable":true,"href":"https:\/\/personalcity.net\/home\/wp-json\/wp\/v2\/product_cat?post=5042"},{"taxonomy":"product_tag","embeddable":true,"href":"https:\/\/personalcity.net\/home\/wp-json\/wp\/v2\/product_tag?post=5042"}],"curies":[{"name":"wp","href":"https:\/\/api.w.org\/{rel}","templated":true}]}}