{"id":5044,"date":"2024-05-24T11:15:46","date_gmt":"2024-05-24T09:15:46","guid":{"rendered":"http:\/\/personalcity.net\/home\/produkt\/dynasun-wt002h-kugel-stativkopf-professionell-stativ-kopf-kugelkopf-mit-schnellwechselplatte-1-4%e2%80%b3-fuer-fotostativ-kamera-stativ-videostativ\/"},"modified":"2025-04-28T15:43:39","modified_gmt":"2025-04-28T13:43:39","slug":"dynasun-wt002h-kugel-stativkopf-professionell-stativ-kopf-kugelkopf-mit-schnellwechselplatte-1-4%e2%80%b3-fuer-fotostativ-kamera-stativ-videostativ","status":"publish","type":"product","link":"https:\/\/personalcity.net\/home\/produkt\/dynasun-wt002h-kugel-stativkopf-professionell-stativ-kopf-kugelkopf-mit-schnellwechselplatte-1-4%e2%80%b3-fuer-fotostativ-kamera-stativ-videostativ\/","title":{"rendered":"DynaSun WT002H Kugel Stativkopf Professionell Stativ Kopf Kugelkopf mit Schnellwechselplatte 1\/4\u2033 f\u00fcr Fotostativ Kamera Stativ Videostativ"},"content":{"rendered":"<p>DynaSun WT002H Professionell Kugel Stativkopf Kugelkopf mit Schnellwechselplatte 1\/4&#8243; f\u00fcr Fotostativ Kamera Stativ Videostativ mit 3\/8&#8243; Anschlu\u00df Beschreibung Unser Stativkopf WT002H hat einen Kugelkopf. Deswegen l\u00e4sst er sich besonders genau und leichtg\u00e4ngig neigen. Er ist sehr robust und stabil und bietet somit die Sicherheit f\u00fcr Ihre Kamera. Der Stativkopf l\u00e4sst sich um 360 Grad horizontal drehen. Perfekt f\u00fcr Ihre Panoramaaufnahmen. Unsere Schnellwechselplatte hat noch eine Sicherung. So kann ein sicheres Aufnehmen nicht mehr schief gehen! Mit dem Stativkopf sind Sie der Herr beim Filmen und Fotografieren. Kamera- und Stativanschluss Der Neiger hat einen 1\/4&#8243; Kameraanschluss sowie einen 3\/8&#8243; Stativanschluss. Gro\u00dfer Verstellbereich Der Stativkopf l\u00e4sst sich um 360 Grad horizontal drehen und nach vorn und hinten sowie links und rechts neigen. Ein leichter Joystick-Effekt ist somit gesichert. Schnellwechselplatten mit Sicherung Die Schnellwechselplatte bietet Ihnen die M\u00f6glichkeit, verschiedene Kameras gleichzeitig zu nutzen. Also sind Sie beim Aufnehmen v\u00f6llig flexibel. Unsere Schnellwechselplatte hat zus\u00e4tzlich noch eine Sicherung. Das Safety Lock System verhindert ein versehentliches Abrutschen von der Schnellwechselplatte. So kann eine sichere Shooting Session nicht mehr schief gehen! Wasserwaage Selbstverst\u00e4ndlich besitzt der Stativkopf ist auch eine integrierte Wasserwaage.<\/p>\n","protected":false},"excerpt":{"rendered":"<p>DynaSun WT002H Professionell Kugel Stativkopf Kugelkopf mit Schnellwechselplatte 1\/4&#8243; f\u00fcr Fotostativ Kamera Stativ Videostativ mit 3\/8&#8243; Anschlu\u00df Beschreibung Unser Stativkopf WT002H hat einen Kugelkopf. Deswegen l\u00e4sst er sich besonders genau und leichtg\u00e4ngig neigen. Er ist sehr robust und stabil und bietet somit die Sicherheit f\u00fcr Ihre Kamera. Der Stativkopf l\u00e4sst sich um 360 Grad horizontal&hellip; <br \/> <a class=\"read-more\" href=\"https:\/\/personalcity.net\/home\/produkt\/dynasun-wt002h-kugel-stativkopf-professionell-stativ-kopf-kugelkopf-mit-schnellwechselplatte-1-4%e2%80%b3-fuer-fotostativ-kamera-stativ-videostativ\/\">Weiterlesen<\/a><\/p>\n","protected":false},"featured_media":5045,"comment_status":"open","ping_status":"closed","template":"","meta":[],"product_cat":[218],"product_tag":[],"class_list":{"0":"post-5044","1":"product","2":"type-product","3":"status-publish","4":"has-post-thumbnail","6":"product_cat-elektronik","8":"first","9":"outofstock","10":"shipping-taxable","11":"purchasable","12":"product-type-simple"},"_links":{"self":[{"href":"https:\/\/personalcity.net\/home\/wp-json\/wp\/v2\/product\/5044","targetHints":{"allow":["GET"]}}],"collection":[{"href":"https:\/\/personalcity.net\/home\/wp-json\/wp\/v2\/product"}],"about":[{"href":"https:\/\/personalcity.net\/home\/wp-json\/wp\/v2\/types\/product"}],"replies":[{"embeddable":true,"href":"https:\/\/personalcity.net\/home\/wp-json\/wp\/v2\/comments?post=5044"}],"wp:featuredmedia":[{"embeddable":true,"href":"https:\/\/personalcity.net\/home\/wp-json\/wp\/v2\/media\/5045"}],"wp:attachment":[{"href":"https:\/\/personalcity.net\/home\/wp-json\/wp\/v2\/media?parent=5044"}],"wp:term":[{"taxonomy":"product_cat","embeddable":true,"href":"https:\/\/personalcity.net\/home\/wp-json\/wp\/v2\/product_cat?post=5044"},{"taxonomy":"product_tag","embeddable":true,"href":"https:\/\/personalcity.net\/home\/wp-json\/wp\/v2\/product_tag?post=5044"}],"curies":[{"name":"wp","href":"https:\/\/api.w.org\/{rel}","templated":true}]}}