{"id":5062,"date":"2024-05-24T11:15:53","date_gmt":"2024-05-24T09:15:53","guid":{"rendered":"http:\/\/personalcity.net\/home\/produkt\/studioblitz-leuchtmittel-quartzlight-dynasun-1000w-quartz-ersatzlampe-fuer-ql1000\/"},"modified":"2025-04-28T15:43:39","modified_gmt":"2025-04-28T13:43:39","slug":"studioblitz-leuchtmittel-quartzlight-dynasun-1000w-quartz-ersatzlampe-fuer-ql1000","status":"publish","type":"product","link":"https:\/\/personalcity.net\/home\/produkt\/studioblitz-leuchtmittel-quartzlight-dynasun-1000w-quartz-ersatzlampe-fuer-ql1000\/","title":{"rendered":"Studioblitz Leuchtmittel Quartzlight DynaSun 1000W Quartz Ersatzlampe f\u00fcr QL1000"},"content":{"rendered":"<p>Studioblitz Leuchtmittel Quartzlight DynaSun 1000W Ersatzlampe f\u00fcr QL1000 Beschreibung Ersatzlampe passend f\u00fcr Quarzlight QL1000, Farbtemperatur: 3200K (Kunstlicht). Plug-in Ersatzlampe, einfach auswechselbar. Technische Daten * Plug-in Ersatzlampe * Lichtstrom: 11000lm * Leistungsaufnahme: 1000W * Lebensdauer: ca. 750h * Farbtemperatur: 3200K Lieferumfang * Ersatzlampe (Quartzlampe) Leuchtmittel DynaSun 1000 Watt<\/p>\n","protected":false},"excerpt":{"rendered":"<p>Studioblitz Leuchtmittel Quartzlight DynaSun 1000W Ersatzlampe f\u00fcr QL1000 Beschreibung Ersatzlampe passend f\u00fcr Quarzlight QL1000, Farbtemperatur: 3200K (Kunstlicht). Plug-in Ersatzlampe, einfach auswechselbar. Technische Daten * Plug-in Ersatzlampe * Lichtstrom: 11000lm * Leistungsaufnahme: 1000W * Lebensdauer: ca. 750h * Farbtemperatur: 3200K Lieferumfang * Ersatzlampe (Quartzlampe) Leuchtmittel DynaSun 1000 Watt<\/p>\n","protected":false},"featured_media":5063,"comment_status":"open","ping_status":"closed","template":"","meta":[],"product_cat":[218],"product_tag":[],"class_list":{"0":"post-5062","1":"product","2":"type-product","3":"status-publish","4":"has-post-thumbnail","6":"product_cat-elektronik","8":"first","9":"outofstock","10":"shipping-taxable","11":"purchasable","12":"product-type-simple"},"_links":{"self":[{"href":"https:\/\/personalcity.net\/home\/wp-json\/wp\/v2\/product\/5062","targetHints":{"allow":["GET"]}}],"collection":[{"href":"https:\/\/personalcity.net\/home\/wp-json\/wp\/v2\/product"}],"about":[{"href":"https:\/\/personalcity.net\/home\/wp-json\/wp\/v2\/types\/product"}],"replies":[{"embeddable":true,"href":"https:\/\/personalcity.net\/home\/wp-json\/wp\/v2\/comments?post=5062"}],"wp:featuredmedia":[{"embeddable":true,"href":"https:\/\/personalcity.net\/home\/wp-json\/wp\/v2\/media\/5063"}],"wp:attachment":[{"href":"https:\/\/personalcity.net\/home\/wp-json\/wp\/v2\/media?parent=5062"}],"wp:term":[{"taxonomy":"product_cat","embeddable":true,"href":"https:\/\/personalcity.net\/home\/wp-json\/wp\/v2\/product_cat?post=5062"},{"taxonomy":"product_tag","embeddable":true,"href":"https:\/\/personalcity.net\/home\/wp-json\/wp\/v2\/product_tag?post=5062"}],"curies":[{"name":"wp","href":"https:\/\/api.w.org\/{rel}","templated":true}]}}