{"id":5173,"date":"2024-05-24T11:16:44","date_gmt":"2024-05-24T09:16:44","guid":{"rendered":"http:\/\/personalcity.net\/home\/produkt\/lampenfassung-lampenhalterung-dynasun-2x-wof4005-e27-lampenhalter-inkl-halterung-schirmhalter\/"},"modified":"2025-04-28T15:42:31","modified_gmt":"2025-04-28T13:42:31","slug":"lampenfassung-lampenhalterung-dynasun-2x-wof4005-e27-lampenhalter-inkl-halterung-schirmhalter","status":"publish","type":"product","link":"https:\/\/personalcity.net\/home\/produkt\/lampenfassung-lampenhalterung-dynasun-2x-wof4005-e27-lampenhalter-inkl-halterung-schirmhalter\/","title":{"rendered":"Lampenfassung Lampenhalterung DynaSun 2x WOF4005 E27 Lampenhalter inkl. Halterung Schirmhalter"},"content":{"rendered":"<p>Lampenfassung Lampenhalterung DynaSun 2x WOF4005 E27 Lampenhalter + Schirmhalter Beschreibung Schwenkbare Universal-Lampenfassung E27, ideal f\u00fcr Studiobeleuchtung, Studioblitz, Tageslichtlampen, Synchronblitzger\u00e4te usw. Die Fassung bietet innen eine Aufnahme und ist au\u00dfen mit hitzebest\u00e4ndigem ABS-Kunststoff ausgestattet. Auf der R\u00fcckseite befindet sich ein Ein-\/Ausschalter. Eine Aufnahme f\u00fcr Reflexschirm ist ebenfalls vorhanden. Die Lampenfassung kann mit einer komfortablen Feststellschraube auf ein entsprechendes Lampenstativ fixiert werden. Einfach, praktisch und effektiv! In stabiler Ausf\u00fchrung. Technische Daten * Schalter Ein\/Aus * Dreh- und Neigbar * Fassung E27 Lieferumfang* 2x Lampenhalterung DynaSun WOF4005<\/p>\n","protected":false},"excerpt":{"rendered":"<p>Lampenfassung Lampenhalterung DynaSun 2x WOF4005 E27 Lampenhalter + Schirmhalter Beschreibung Schwenkbare Universal-Lampenfassung E27, ideal f\u00fcr Studiobeleuchtung, Studioblitz, Tageslichtlampen, Synchronblitzger\u00e4te usw. Die Fassung bietet innen eine Aufnahme und ist au\u00dfen mit hitzebest\u00e4ndigem ABS-Kunststoff ausgestattet. Auf der R\u00fcckseite befindet sich ein Ein-\/Ausschalter. Eine Aufnahme f\u00fcr Reflexschirm ist ebenfalls vorhanden. Die Lampenfassung kann mit einer komfortablen Feststellschraube auf&hellip; <br \/> <a class=\"read-more\" href=\"https:\/\/personalcity.net\/home\/produkt\/lampenfassung-lampenhalterung-dynasun-2x-wof4005-e27-lampenhalter-inkl-halterung-schirmhalter\/\">Weiterlesen<\/a><\/p>\n","protected":false},"featured_media":5174,"comment_status":"open","ping_status":"closed","template":"","meta":[],"product_cat":[218],"product_tag":[],"class_list":{"0":"post-5173","1":"product","2":"type-product","3":"status-publish","4":"has-post-thumbnail","6":"product_cat-elektronik","8":"first","9":"outofstock","10":"shipping-taxable","11":"purchasable","12":"product-type-simple"},"_links":{"self":[{"href":"https:\/\/personalcity.net\/home\/wp-json\/wp\/v2\/product\/5173","targetHints":{"allow":["GET"]}}],"collection":[{"href":"https:\/\/personalcity.net\/home\/wp-json\/wp\/v2\/product"}],"about":[{"href":"https:\/\/personalcity.net\/home\/wp-json\/wp\/v2\/types\/product"}],"replies":[{"embeddable":true,"href":"https:\/\/personalcity.net\/home\/wp-json\/wp\/v2\/comments?post=5173"}],"wp:featuredmedia":[{"embeddable":true,"href":"https:\/\/personalcity.net\/home\/wp-json\/wp\/v2\/media\/5174"}],"wp:attachment":[{"href":"https:\/\/personalcity.net\/home\/wp-json\/wp\/v2\/media?parent=5173"}],"wp:term":[{"taxonomy":"product_cat","embeddable":true,"href":"https:\/\/personalcity.net\/home\/wp-json\/wp\/v2\/product_cat?post=5173"},{"taxonomy":"product_tag","embeddable":true,"href":"https:\/\/personalcity.net\/home\/wp-json\/wp\/v2\/product_tag?post=5173"}],"curies":[{"name":"wp","href":"https:\/\/api.w.org\/{rel}","templated":true}]}}