{"id":5187,"date":"2024-05-24T11:16:49","date_gmt":"2024-05-24T09:16:49","guid":{"rendered":"http:\/\/personalcity.net\/home\/produkt\/2x-studioset-quarzlight-videoleuchte-dynasun-2x-ql1000-1000w-quartz-quarz-regelbar-2x-stativ-w803\/"},"modified":"2025-04-28T15:42:30","modified_gmt":"2025-04-28T13:42:30","slug":"2x-studioset-quarzlight-videoleuchte-dynasun-2x-ql1000-1000w-quartz-quarz-regelbar-2x-stativ-w803","status":"publish","type":"product","link":"https:\/\/personalcity.net\/home\/produkt\/2x-studioset-quarzlight-videoleuchte-dynasun-2x-ql1000-1000w-quartz-quarz-regelbar-2x-stativ-w803\/","title":{"rendered":"2x Studioset Quarzlight Videoleuchte DynaSun 2x QL1000 1000W Quartz Quarz regelbar + 2x Stativ W803"},"content":{"rendered":"<p>KIT PROFI STUDIO LIGHT 1000W DAUERLICHT VIDEO LICHT QUARZ HALOGEN DYNASUN 2x QL1000 mit LAMPENSTATIV 2x W803 Beschreibung Unsere professionellen DynaSun QL1000 1000W Studio Lampe mit Quarzlight Licht, ist eine sehr gute L\u00f6sung als Dauerlicht-L\u00f6sung f\u00fcr Videoaufnahmen, Bildaufnahmen oder andere Fotografiearbeiten. Das sehr robuste Metallgeh\u00e4use ist sauber verarbeitet und qualitativ hochwertig ausgef\u00fchrt. Der ergonomisch geformte Griff an der R\u00fcckseite der Studioleuchte bietet sicheres und einfaches Handling. F\u00fcr optimale Lichtausbeute sorgt neben der lichtstarken 1000 Watt Halogenlampe der im Lieferumfang enthaltene Metallreflektor mit seiner hochwertigen Innenbeschichtung. Der Metallreflektor kann einfach \u00fcber den seitlich angebrachten Entriegelungsmechanismus abmontiert werden. Diese Lampe hat ein eingebautes K\u00fchlsystem und einen Stromausschalter, um die Kosten zu reduzieren. Der Betriebszustand wird \u00fcber eine im Ein-\/Ausschalter integrierte Kontrollleuchte angezeigt. Die Ver\u00e4nderung der Leuchtst\u00e4rke wird \u00fcber einen Drehregler vorgenommen. Zum Auswechseln des Leuchtmittels wird die alte Lampe einfach aus der Steckerfassung gezogen und die neue Lampe eingesetzt. Unsere professionelle DynaSun QL1000 1000W light erm\u00f6glicht Ihnen alle Arten von Licht, die Sie beim Fotografieren als Profi brauchen. Mit dem Dauerlicht &#8211; L\u00f6sung macht man den komplizierten Flash \u00fcber das Sync Kabel v\u00f6llig \u00fcberfl\u00fcssig. Damit k\u00f6nnen Sie ganz genau planen, wie Sie das beste Lichtverh\u00e4ltnis bekommen k\u00f6nnen. Die integrierte Reflexschirm-Aufnahme erm\u00f6glicht den Einsatz von Studioschirmen zur indirekten Beleuchtung. Dank Spigot-Aufnahme passt die Studioleuchte QL-1000 auf fast alle handels\u00fcblichen Lampenstative. Diese DynaSun QL1000 1000W Studio Lampe ist empfehlenswert f\u00fcr Video, Fotoshooting und TV-Aufnahmen. Sie haben nie mehr ungen\u00fcgende Lichtverh\u00e4ltnisse.<\/p>\n","protected":false},"excerpt":{"rendered":"<p>KIT PROFI STUDIO LIGHT 1000W DAUERLICHT VIDEO LICHT QUARZ HALOGEN DYNASUN 2x QL1000 mit LAMPENSTATIV 2x W803 Beschreibung Unsere professionellen DynaSun QL1000 1000W Studio Lampe mit Quarzlight Licht, ist eine sehr gute L\u00f6sung als Dauerlicht-L\u00f6sung f\u00fcr Videoaufnahmen, Bildaufnahmen oder andere Fotografiearbeiten. Das sehr robuste Metallgeh\u00e4use ist sauber verarbeitet und qualitativ hochwertig ausgef\u00fchrt. Der ergonomisch geformte&hellip; <br \/> <a class=\"read-more\" href=\"https:\/\/personalcity.net\/home\/produkt\/2x-studioset-quarzlight-videoleuchte-dynasun-2x-ql1000-1000w-quartz-quarz-regelbar-2x-stativ-w803\/\">Weiterlesen<\/a><\/p>\n","protected":false},"featured_media":5188,"comment_status":"open","ping_status":"closed","template":"","meta":[],"product_cat":[218],"product_tag":[],"class_list":{"0":"post-5187","1":"product","2":"type-product","3":"status-publish","4":"has-post-thumbnail","6":"product_cat-elektronik","8":"first","9":"outofstock","10":"shipping-taxable","11":"purchasable","12":"product-type-simple"},"_links":{"self":[{"href":"https:\/\/personalcity.net\/home\/wp-json\/wp\/v2\/product\/5187","targetHints":{"allow":["GET"]}}],"collection":[{"href":"https:\/\/personalcity.net\/home\/wp-json\/wp\/v2\/product"}],"about":[{"href":"https:\/\/personalcity.net\/home\/wp-json\/wp\/v2\/types\/product"}],"replies":[{"embeddable":true,"href":"https:\/\/personalcity.net\/home\/wp-json\/wp\/v2\/comments?post=5187"}],"wp:featuredmedia":[{"embeddable":true,"href":"https:\/\/personalcity.net\/home\/wp-json\/wp\/v2\/media\/5188"}],"wp:attachment":[{"href":"https:\/\/personalcity.net\/home\/wp-json\/wp\/v2\/media?parent=5187"}],"wp:term":[{"taxonomy":"product_cat","embeddable":true,"href":"https:\/\/personalcity.net\/home\/wp-json\/wp\/v2\/product_cat?post=5187"},{"taxonomy":"product_tag","embeddable":true,"href":"https:\/\/personalcity.net\/home\/wp-json\/wp\/v2\/product_tag?post=5187"}],"curies":[{"name":"wp","href":"https:\/\/api.w.org\/{rel}","templated":true}]}}