{"id":5221,"date":"2024-05-24T11:17:02","date_gmt":"2024-05-24T09:17:02","guid":{"rendered":"http:\/\/personalcity.net\/home\/produkt\/dynasun-kit-2x-blue1000-1000w-studio-quarzlight-videoleuchte-videolicht-dauerlicht-video-licht-halogen-quartz-quarz-stufenlos-regelbar\/"},"modified":"2025-04-28T15:42:08","modified_gmt":"2025-04-28T13:42:08","slug":"dynasun-kit-2x-blue1000-1000w-studio-quarzlight-videoleuchte-videolicht-dauerlicht-video-licht-halogen-quartz-quarz-stufenlos-regelbar","status":"publish","type":"product","link":"https:\/\/personalcity.net\/home\/produkt\/dynasun-kit-2x-blue1000-1000w-studio-quarzlight-videoleuchte-videolicht-dauerlicht-video-licht-halogen-quartz-quarz-stufenlos-regelbar\/","title":{"rendered":"DynaSun Kit 2x BLUE1000 1000W Studio Quarzlight Videoleuchte Videolicht Dauerlicht Video Licht Halogen Quartz Quarz stufenlos regelbar"},"content":{"rendered":"<p>Studio Quarzlight Videoleuchte Videolicht Pro DynaSun Kit 2x BLUE1000 1000W Dauerlicht Video Licht Halogen Quartz Quarz stufenlos regelbar Beschreibung Professionelle DynaSun BLUE1000 1000w Studio Lampe mit Quarz Licht. Das ist eine sehr gute L\u00f6sung f\u00fcr Dauerlicht, Videoaufnahmen, Bildaufnahmen und \u00c4hnliches. Das sehr robuste Metallgeh\u00e4use ist sauber verarbeitet und qualitativ hochwertig ausgef\u00fchrt. Der ergonomisch geformte Griff an der R\u00fcckseite der Studioleuchte bietet sicheres und einfaches Handling. F\u00fcr optimale Lichtausbeute sorgt neben der lichtstarken 1000 Watt Halogenlampe der im Lieferumfang enthaltene. Diese Lampe hat ein eingebautes K\u00fchlsystem und einen Stromausschalter um die Kosten zu reduzieren. Der Betriebszustand wird \u00fcber eine nintegrierte Kontrollleuchte angezeigt (im Ein-\/Ausschalter). Die Einstellung der Leuchtst\u00e4rke wird \u00fcber einen Drehregler vorgenommen. Das Auswechseln des Leuchtmittels ist einfach. Es wird die alte Lampe einfach aus der Steckerfassung gezogen und die neue Lampe eingesetzt. Unser professionelle DynaSun BLUE1000 1000W Lampe erm\u00f6glicht Ihnen alle Arten von Licht, die Sie beim Fotografieren als Profi brauchen. Die Dauerlicht-L\u00f6sung macht den komplizierten Flash mit dem Sync Kabel v\u00f6llig \u00fcberfl\u00fcssig. Damit wissen Sie ganz genau, wie Sie das beste Lichtverh\u00e4ltnis bekommen k\u00f6nnen. Die integrierte Reflexschirm-Aufnahme erm\u00f6glicht den Einsatz von Studioschirmen zur indirekten Beleuchtung. Dank Spigot-Aufnahme passt die Studioleuchte BLUE1000 auf fast alle handels\u00fcblichen Lampenstative. Diese Lampe ist empfehlenswert f\u00fcr Video, Fotoshooting, TV-Aufnahmen. Das ben\u00f6tigte Lichtverh\u00e4ltnis ist immer optimal.<\/p>\n","protected":false},"excerpt":{"rendered":"<p>Studio Quarzlight Videoleuchte Videolicht Pro DynaSun Kit 2x BLUE1000 1000W Dauerlicht Video Licht Halogen Quartz Quarz stufenlos regelbar Beschreibung Professionelle DynaSun BLUE1000 1000w Studio Lampe mit Quarz Licht. Das ist eine sehr gute L\u00f6sung f\u00fcr Dauerlicht, Videoaufnahmen, Bildaufnahmen und \u00c4hnliches. Das sehr robuste Metallgeh\u00e4use ist sauber verarbeitet und qualitativ hochwertig ausgef\u00fchrt. Der ergonomisch geformte Griff&hellip; <br \/> <a class=\"read-more\" href=\"https:\/\/personalcity.net\/home\/produkt\/dynasun-kit-2x-blue1000-1000w-studio-quarzlight-videoleuchte-videolicht-dauerlicht-video-licht-halogen-quartz-quarz-stufenlos-regelbar\/\">Weiterlesen<\/a><\/p>\n","protected":false},"featured_media":5222,"comment_status":"open","ping_status":"closed","template":"","meta":[],"product_cat":[218],"product_tag":[],"class_list":{"0":"post-5221","1":"product","2":"type-product","3":"status-publish","4":"has-post-thumbnail","6":"product_cat-elektronik","8":"first","9":"outofstock","10":"shipping-taxable","11":"purchasable","12":"product-type-simple"},"_links":{"self":[{"href":"https:\/\/personalcity.net\/home\/wp-json\/wp\/v2\/product\/5221","targetHints":{"allow":["GET"]}}],"collection":[{"href":"https:\/\/personalcity.net\/home\/wp-json\/wp\/v2\/product"}],"about":[{"href":"https:\/\/personalcity.net\/home\/wp-json\/wp\/v2\/types\/product"}],"replies":[{"embeddable":true,"href":"https:\/\/personalcity.net\/home\/wp-json\/wp\/v2\/comments?post=5221"}],"wp:featuredmedia":[{"embeddable":true,"href":"https:\/\/personalcity.net\/home\/wp-json\/wp\/v2\/media\/5222"}],"wp:attachment":[{"href":"https:\/\/personalcity.net\/home\/wp-json\/wp\/v2\/media?parent=5221"}],"wp:term":[{"taxonomy":"product_cat","embeddable":true,"href":"https:\/\/personalcity.net\/home\/wp-json\/wp\/v2\/product_cat?post=5221"},{"taxonomy":"product_tag","embeddable":true,"href":"https:\/\/personalcity.net\/home\/wp-json\/wp\/v2\/product_tag?post=5221"}],"curies":[{"name":"wp","href":"https:\/\/api.w.org\/{rel}","templated":true}]}}