{"id":5279,"date":"2024-05-24T11:17:29","date_gmt":"2024-05-24T09:17:29","guid":{"rendered":"http:\/\/personalcity.net\/home\/produkt\/studioblitz-dynasun-kit-sd200-200w-digital-studioset-fotostudio-studioleuchte-studioblitzleuchte-mit-lampenstativ-und-studioschirm\/"},"modified":"2025-04-28T15:34:15","modified_gmt":"2025-04-28T13:34:15","slug":"studioblitz-dynasun-kit-sd200-200w-digital-studioset-fotostudio-studioleuchte-studioblitzleuchte-mit-lampenstativ-und-studioschirm","status":"publish","type":"product","link":"https:\/\/personalcity.net\/home\/produkt\/studioblitz-dynasun-kit-sd200-200w-digital-studioset-fotostudio-studioleuchte-studioblitzleuchte-mit-lampenstativ-und-studioschirm\/","title":{"rendered":"Studioblitz DynaSun Kit SD200 200W Digital Studioset Fotostudio Studioleuchte Studioblitzleuchte mit Lampenstativ und Studioschirm"},"content":{"rendered":"<p>Studioblitz DynaSun SD200 200W Digital Studioset Fotostudio Studioleuchte Studioblitzleuchte mit Display, stufenlos, Kit mit Lampenstativ und Studioschirm Beschreibung Die neuen DynaSun SD200 (200W) Blitzger\u00e4te sind f\u00fcr den anspruchsvollen Amateur\/Profi Einsatz entwickelt worden. Die Ausstattung ist einzigartig f\u00fcr Kompaktblitzger\u00e4te dieser Preis- und Leistungsklasse und bietet stabilisierte Blitzleistung mit Leistungssteuerung. DynaSun bietet in seinen Ger\u00e4ten eine komplette Ausstattung bei einfacher Handhabung &#8211; genau das Werkzeug, das eine Fotoausr\u00fcstung erst wirklich komplett macht! DynaSun SD200 200W hat ein modernes und attraktives Design. Alle vorhandenen Funktionen sind kompakt zusammengefasst zur einfachen Bedienung. Die Blitzlichtlampen sind durch einen eingebauten Stabilisator, der eine konstante Ausgangsleistung erzielt, gesch\u00fctzt. Das verl\u00e4ngert die Lebensdauer und sorgt f\u00fcr gleichbleibende Qualit\u00e4t des emittierten Lichts. Viel Freude erleben Sie beim fotografieren mit der neuen Studioblitzanlage DynaSun SD200, denn viel Technik steckt in diesem \u00e4u\u00dferst kleinen und handlichen Ger\u00e4t. Ein gro\u00dfes Plus ist die einfache Bedienung. Als Erg\u00e4nzungs-Lichtquelle f\u00fcr spezielle Effektbeleuchtung ist der SD200 ebenfalls bestens geeignet, z. B. bei Portrait- und Sachaufnahmen, bei Tabletop und Makro. Die Systemsteuerung auf der R\u00fcckseite des Blitzer\u00e4tes verwendet ein digitales LCD, f\u00fcr eine h\u00f6here Genauigkeit der Werte. Die zus\u00e4tzlich integrierte Fotozelle erm\u00f6glicht es ihnen, ohne das Sync-Kabel zu arbeiten. Mit dem Dimmer k\u00f6nnen Sie die Lichtmenge f\u00fcr ihren Bedarf anzupassen. Die Leistung ist stufenlos regelbar (in 1\/32 Schritten bis voll). Zur Beurteilung der Ausleuchtung vor der Aufnahme dient das Einstelllicht. Der Sync-Anschluss erm\u00f6glicht es ihnen, den Blitz auf Standard Lampenstative zu montieren oder auch in Studio Schirme einzubauen.<\/p>\n","protected":false},"excerpt":{"rendered":"<p>Studioblitz DynaSun SD200 200W Digital Studioset Fotostudio Studioleuchte Studioblitzleuchte mit Display, stufenlos, Kit mit Lampenstativ und Studioschirm Beschreibung Die neuen DynaSun SD200 (200W) Blitzger\u00e4te sind f\u00fcr den anspruchsvollen Amateur\/Profi Einsatz entwickelt worden. Die Ausstattung ist einzigartig f\u00fcr Kompaktblitzger\u00e4te dieser Preis- und Leistungsklasse und bietet stabilisierte Blitzleistung mit Leistungssteuerung. DynaSun bietet in seinen Ger\u00e4ten eine komplette&hellip; <br \/> <a class=\"read-more\" href=\"https:\/\/personalcity.net\/home\/produkt\/studioblitz-dynasun-kit-sd200-200w-digital-studioset-fotostudio-studioleuchte-studioblitzleuchte-mit-lampenstativ-und-studioschirm\/\">Weiterlesen<\/a><\/p>\n","protected":false},"featured_media":5280,"comment_status":"open","ping_status":"closed","template":"","meta":[],"product_cat":[218],"product_tag":[],"class_list":{"0":"post-5279","1":"product","2":"type-product","3":"status-publish","4":"has-post-thumbnail","6":"product_cat-elektronik","8":"first","9":"outofstock","10":"shipping-taxable","11":"purchasable","12":"product-type-simple"},"_links":{"self":[{"href":"https:\/\/personalcity.net\/home\/wp-json\/wp\/v2\/product\/5279","targetHints":{"allow":["GET"]}}],"collection":[{"href":"https:\/\/personalcity.net\/home\/wp-json\/wp\/v2\/product"}],"about":[{"href":"https:\/\/personalcity.net\/home\/wp-json\/wp\/v2\/types\/product"}],"replies":[{"embeddable":true,"href":"https:\/\/personalcity.net\/home\/wp-json\/wp\/v2\/comments?post=5279"}],"wp:featuredmedia":[{"embeddable":true,"href":"https:\/\/personalcity.net\/home\/wp-json\/wp\/v2\/media\/5280"}],"wp:attachment":[{"href":"https:\/\/personalcity.net\/home\/wp-json\/wp\/v2\/media?parent=5279"}],"wp:term":[{"taxonomy":"product_cat","embeddable":true,"href":"https:\/\/personalcity.net\/home\/wp-json\/wp\/v2\/product_cat?post=5279"},{"taxonomy":"product_tag","embeddable":true,"href":"https:\/\/personalcity.net\/home\/wp-json\/wp\/v2\/product_tag?post=5279"}],"curies":[{"name":"wp","href":"https:\/\/api.w.org\/{rel}","templated":true}]}}